Last updated on 2023-02-02 16:54:06 CET.
Flavor | Version | Tinstall | Tcheck | Ttotal | Status | Flags |
---|---|---|---|---|---|---|
r-devel-linux-x86_64-debian-clang | 1.0.2 | 4.34 | 38.27 | 42.61 | NOTE | |
r-devel-linux-x86_64-debian-gcc | 1.0.2 | 3.02 | 30.00 | 33.02 | NOTE | |
r-devel-linux-x86_64-fedora-clang | 1.0.2 | 54.64 | NOTE | |||
r-devel-linux-x86_64-fedora-gcc | 1.0.2 | 56.97 | NOTE | |||
r-patched-linux-x86_64 | 1.0.2 | 7.05 | 36.95 | 44.00 | NOTE | |
r-release-linux-x86_64 | 1.0.2 | 4.07 | 36.84 | 40.91 | NOTE | |
r-release-macos-arm64 | 1.0.2 | 22.00 | NOTE | |||
r-release-macos-x86_64 | 1.0.2 | 27.00 | NOTE | |||
r-release-windows-x86_64 | 1.0.2 | 24.00 | 71.00 | 95.00 | NOTE | |
r-oldrel-macos-arm64 | 1.0.2 | 22.00 | NOTE | |||
r-oldrel-macos-x86_64 | 1.0.2 | 32.00 | NOTE | |||
r-oldrel-windows-ix86+x86_64 | 1.0.2 | 9.00 | 61.00 | 70.00 | NOTE |
Version: 1.0.2
Check: LazyData
Result: NOTE
'LazyData' is specified without a 'data' directory
Flavors: r-devel-linux-x86_64-debian-clang, r-devel-linux-x86_64-debian-gcc, r-devel-linux-x86_64-fedora-clang, r-devel-linux-x86_64-fedora-gcc, r-patched-linux-x86_64, r-release-linux-x86_64, r-release-macos-arm64, r-release-macos-x86_64, r-release-windows-x86_64, r-oldrel-macos-arm64, r-oldrel-macos-x86_64, r-oldrel-windows-ix86+x86_64