CRAN Package Check Results for Package NonNorMvtDist

Last updated on 2022-10-02 11:54:19 CEST.

Flavor Version Tinstall Tcheck Ttotal Status Flags
r-devel-linux-x86_64-debian-clang 1.0.2 5.23 39.75 44.98 NOTE
r-devel-linux-x86_64-debian-gcc 1.0.2 3.88 30.55 34.43 NOTE
r-devel-linux-x86_64-fedora-clang 1.0.2 65.33 NOTE
r-devel-linux-x86_64-fedora-gcc 1.0.2 62.25 NOTE
r-devel-windows-x86_64 1.0.2 42.00 64.00 106.00 NOTE
r-patched-linux-x86_64 1.0.2 5.31 36.16 41.47 NOTE
r-release-linux-x86_64 1.0.2 4.94 36.25 41.19 NOTE
r-release-macos-arm64 1.0.2 22.00 NOTE
r-release-macos-x86_64 1.0.2 27.00 NOTE
r-release-windows-x86_64 1.0.2 19.00 63.00 82.00 NOTE
r-oldrel-macos-arm64 1.0.2 22.00 NOTE
r-oldrel-macos-x86_64 1.0.2 32.00 NOTE
r-oldrel-windows-ix86+x86_64 1.0.2 11.00 62.00 73.00 NOTE

Check Details

Version: 1.0.2
Check: LazyData
Result: NOTE
     'LazyData' is specified without a 'data' directory
Flavors: r-devel-linux-x86_64-debian-clang, r-devel-linux-x86_64-debian-gcc, r-devel-linux-x86_64-fedora-clang, r-devel-linux-x86_64-fedora-gcc, r-devel-windows-x86_64, r-patched-linux-x86_64, r-release-linux-x86_64, r-release-macos-arm64, r-release-macos-x86_64, r-release-windows-x86_64, r-oldrel-macos-arm64, r-oldrel-macos-x86_64, r-oldrel-windows-ix86+x86_64