CRAN Package Check Results for Package NlcOptim

Last updated on 2021-06-16 21:51:49 CEST.

Flavor Version Tinstall Tcheck Ttotal Status Flags
r-devel-linux-x86_64-debian-clang 0.6 3.86 28.38 32.24 NOTE
r-devel-linux-x86_64-debian-gcc 0.6 2.52 21.78 24.30 NOTE
r-devel-linux-x86_64-fedora-clang 0.6 47.61 NOTE
r-devel-linux-x86_64-fedora-gcc 0.6 36.92 NOTE
r-devel-windows-x86_64 0.6 6.00 32.00 38.00 NOTE
r-devel-windows-x86_64-gcc10-UCRT 0.6 NOTE
r-patched-linux-x86_64 0.6 3.37 27.76 31.13 NOTE
r-patched-solaris-x86 0.6 52.40 NOTE
r-release-linux-x86_64 0.6 2.89 27.12 30.01 NOTE
r-release-macos-arm64 0.6 NOTE
r-release-macos-x86_64 0.6 NOTE
r-release-windows-ix86+x86_64 0.6 7.00 32.00 39.00 NOTE
r-oldrel-macos-x86_64 0.6 OK
r-oldrel-windows-ix86+x86_64 0.6 6.00 40.00 46.00 OK

Check Details

Version: 0.6
Check: LazyData
Result: NOTE
     'LazyData' is specified without a 'data' directory
Flavors: r-devel-linux-x86_64-debian-clang, r-devel-linux-x86_64-debian-gcc, r-devel-linux-x86_64-fedora-clang, r-devel-linux-x86_64-fedora-gcc, r-devel-windows-x86_64, r-devel-windows-x86_64-gcc10-UCRT, r-patched-linux-x86_64, r-patched-solaris-x86, r-release-linux-x86_64, r-release-macos-arm64, r-release-macos-x86_64, r-release-windows-ix86+x86_64