CRAN Package Check Results for Package NetRep

Last updated on 2024-06-18 17:49:13 CEST.

Flavor Version Tinstall Tcheck Ttotal Status Flags
r-devel-linux-x86_64-debian-clang 1.2.7 178.69 153.40 332.09 NOTE
r-devel-linux-x86_64-debian-gcc 1.2.7 120.99 114.96 235.95 NOTE
r-devel-linux-x86_64-fedora-clang 1.2.7 481.82 NOTE
r-devel-linux-x86_64-fedora-gcc 1.2.7 480.68 NOTE
r-devel-windows-x86_64 1.2.7 140.00 148.00 288.00 NOTE
r-patched-linux-x86_64 1.2.7 151.43 146.45 297.88 NOTE
r-release-linux-x86_64 1.2.7 153.35 152.58 305.93 NOTE
r-release-macos-arm64 1.2.7 91.00 NOTE
r-release-macos-x86_64 1.2.7 143.00 NOTE
r-release-windows-x86_64 1.2.7 137.00 148.00 285.00 NOTE
r-oldrel-macos-arm64 1.2.7 107.00 NOTE
r-oldrel-macos-x86_64 1.2.7 139.00 NOTE
r-oldrel-windows-x86_64 1.2.7 168.00 178.00 346.00 OK

Check Details

Version: 1.2.7
Check: Rd files
Result: NOTE checkRd: (-1) modulePreservation.Rd:155-157: Lost braces in \itemize; meant \describe ? checkRd: (-1) modulePreservation.Rd:158-161: Lost braces in \itemize; meant \describe ? checkRd: (-1) modulePreservation.Rd:162-165: Lost braces in \itemize; meant \describe ? checkRd: (-1) modulePreservation.Rd:166-169: Lost braces in \itemize; meant \describe ? checkRd: (-1) modulePreservation.Rd:170-173: Lost braces in \itemize; meant \describe ? checkRd: (-1) modulePreservation.Rd:174-177: Lost braces in \itemize; meant \describe ? checkRd: (-1) modulePreservation.Rd:178-183: Lost braces in \itemize; meant \describe ? checkRd: (-1) modulePreservation.Rd:92-96: Lost braces in \itemize; \value handles \item{}{} directly checkRd: (-1) modulePreservation.Rd:97-103: Lost braces in \itemize; \value handles \item{}{} directly checkRd: (-1) modulePreservation.Rd:104-108: Lost braces in \itemize; \value handles \item{}{} directly checkRd: (-1) modulePreservation.Rd:109-112: Lost braces in \itemize; \value handles \item{}{} directly checkRd: (-1) modulePreservation.Rd:113-118: Lost braces in \itemize; \value handles \item{}{} directly checkRd: (-1) modulePreservation.Rd:119-125: Lost braces in \itemize; \value handles \item{}{} directly checkRd: (-1) networkProperties.Rd:123-125: Lost braces in \itemize; meant \describe ? checkRd: (-1) networkProperties.Rd:126-129: Lost braces in \itemize; meant \describe ? checkRd: (-1) networkProperties.Rd:130-133: Lost braces in \itemize; meant \describe ? checkRd: (-1) networkProperties.Rd:134-137: Lost braces in \itemize; meant \describe ? checkRd: (-1) networkProperties.Rd:138-141: Lost braces in \itemize; meant \describe ? checkRd: (-1) networkProperties.Rd:142-145: Lost braces in \itemize; meant \describe ? checkRd: (-1) networkProperties.Rd:146-151: Lost braces in \itemize; meant \describe ? checkRd: (-1) networkProperties.Rd:69-72: Lost braces in \itemize; \value handles \item{}{} directly checkRd: (-1) networkProperties.Rd:73-75: Lost braces in \itemize; \value handles \item{}{} directly checkRd: (-1) networkProperties.Rd:80-84: Lost braces in \itemize; \value handles \item{}{} directly checkRd: (-1) networkProperties.Rd:85-88: Lost braces in \itemize; \value handles \item{}{} directly checkRd: (-1) networkProperties.Rd:89-92: Lost braces in \itemize; \value handles \item{}{} directly checkRd: (-1) nodeOrder.Rd:115-117: Lost braces in \itemize; meant \describe ? checkRd: (-1) nodeOrder.Rd:118-121: Lost braces in \itemize; meant \describe ? checkRd: (-1) nodeOrder.Rd:122-125: Lost braces in \itemize; meant \describe ? checkRd: (-1) nodeOrder.Rd:126-129: Lost braces in \itemize; meant \describe ? checkRd: (-1) nodeOrder.Rd:130-133: Lost braces in \itemize; meant \describe ? checkRd: (-1) nodeOrder.Rd:134-137: Lost braces in \itemize; meant \describe ? checkRd: (-1) nodeOrder.Rd:138-143: Lost braces in \itemize; meant \describe ? checkRd: (-1) plotModule.Rd:223-225: Lost braces in \itemize; meant \describe ? checkRd: (-1) plotModule.Rd:226-229: Lost braces in \itemize; meant \describe ? checkRd: (-1) plotModule.Rd:230-233: Lost braces in \itemize; meant \describe ? checkRd: (-1) plotModule.Rd:234-237: Lost braces in \itemize; meant \describe ? checkRd: (-1) plotModule.Rd:238-241: Lost braces in \itemize; meant \describe ? checkRd: (-1) plotModule.Rd:242-245: Lost braces in \itemize; meant \describe ? checkRd: (-1) plotModule.Rd:246-251: Lost braces in \itemize; meant \describe ? checkRd: (-1) plotModule.Rd:354-355: Lost braces in \itemize; meant \describe ? checkRd: (-1) plotModule.Rd:356-360: Lost braces in \itemize; meant \describe ? checkRd: (-1) plotModule.Rd:361-362: Lost braces in \itemize; meant \describe ? checkRd: (-1) plotModule.Rd:368-369: Lost braces in \itemize; meant \describe ? checkRd: (-1) plotModule.Rd:370-371: Lost braces in \itemize; meant \describe ? checkRd: (-1) plotModule.Rd:372-374: Lost braces in \itemize; meant \describe ? checkRd: (-1) plotModule.Rd:375-377: Lost braces in \itemize; meant \describe ? checkRd: (-1) plotModule.Rd:378-379: Lost braces in \itemize; meant \describe ? checkRd: (-1) plotModule.Rd:380-381: Lost braces in \itemize; meant \describe ? checkRd: (-1) plotModule.Rd:382-383: Lost braces in \itemize; meant \describe ? checkRd: (-1) plotModule.Rd:384-385: Lost braces in \itemize; meant \describe ? checkRd: (-1) plotModule.Rd:386-387: Lost braces in \itemize; meant \describe ? checkRd: (-1) plotModule.Rd:388-389: Lost braces in \itemize; meant \describe ? checkRd: (-1) plotModule.Rd:399-400: Lost braces in \itemize; meant \describe ? checkRd: (-1) plotModule.Rd:401-403: Lost braces in \itemize; meant \describe ? checkRd: (-1) plotModule.Rd:404-406: Lost braces in \itemize; meant \describe ? checkRd: (-1) plotTopology.Rd:388-390: Lost braces in \itemize; meant \describe ? checkRd: (-1) plotTopology.Rd:391-394: Lost braces in \itemize; meant \describe ? checkRd: (-1) plotTopology.Rd:395-398: Lost braces in \itemize; meant \describe ? checkRd: (-1) plotTopology.Rd:399-402: Lost braces in \itemize; meant \describe ? checkRd: (-1) plotTopology.Rd:403-406: Lost braces in \itemize; meant \describe ? checkRd: (-1) plotTopology.Rd:407-410: Lost braces in \itemize; meant \describe ? checkRd: (-1) plotTopology.Rd:411-416: Lost braces in \itemize; meant \describe ? checkRd: (-1) plotTopology.Rd:519-520: Lost braces in \itemize; meant \describe ? checkRd: (-1) plotTopology.Rd:521-525: Lost braces in \itemize; meant \describe ? checkRd: (-1) plotTopology.Rd:526-527: Lost braces in \itemize; meant \describe ? checkRd: (-1) plotTopology.Rd:533-534: Lost braces in \itemize; meant \describe ? checkRd: (-1) plotTopology.Rd:535-536: Lost braces in \itemize; meant \describe ? checkRd: (-1) plotTopology.Rd:537-539: Lost braces in \itemize; meant \describe ? checkRd: (-1) plotTopology.Rd:540-542: Lost braces in \itemize; meant \describe ? checkRd: (-1) plotTopology.Rd:543-544: Lost braces in \itemize; meant \describe ? checkRd: (-1) plotTopology.Rd:545-546: Lost braces in \itemize; meant \describe ? checkRd: (-1) plotTopology.Rd:547-548: Lost braces in \itemize; meant \describe ? checkRd: (-1) plotTopology.Rd:549-550: Lost braces in \itemize; meant \describe ? checkRd: (-1) plotTopology.Rd:551-552: Lost braces in \itemize; meant \describe ? checkRd: (-1) plotTopology.Rd:553-554: Lost braces in \itemize; meant \describe ? checkRd: (-1) plotTopology.Rd:564-565: Lost braces in \itemize; meant \describe ? checkRd: (-1) plotTopology.Rd:566-568: Lost braces in \itemize; meant \describe ? checkRd: (-1) plotTopology.Rd:569-571: Lost braces in \itemize; meant \describe ? checkRd: (-1) plotTopology.Rd:576: Lost braces in \itemize; meant \describe ? checkRd: (-1) plotTopology.Rd:577-578: Lost braces in \itemize; meant \describe ? checkRd: (-1) sampleOrder.Rd:100-102: Lost braces in \itemize; meant \describe ? checkRd: (-1) sampleOrder.Rd:103-106: Lost braces in \itemize; meant \describe ? checkRd: (-1) sampleOrder.Rd:107-110: Lost braces in \itemize; meant \describe ? checkRd: (-1) sampleOrder.Rd:111-114: Lost braces in \itemize; meant \describe ? checkRd: (-1) sampleOrder.Rd:115-118: Lost braces in \itemize; meant \describe ? checkRd: (-1) sampleOrder.Rd:119-122: Lost braces in \itemize; meant \describe ? checkRd: (-1) sampleOrder.Rd:123-128: Lost braces in \itemize; meant \describe ? Flavors: r-devel-linux-x86_64-debian-clang, r-devel-linux-x86_64-debian-gcc, r-devel-linux-x86_64-fedora-clang, r-devel-linux-x86_64-fedora-gcc, r-devel-windows-x86_64, r-patched-linux-x86_64, r-release-linux-x86_64, r-release-macos-arm64, r-release-macos-x86_64, r-release-windows-x86_64

Version: 1.2.7
Check: installed package size
Result: NOTE installed size is 8.3Mb sub-directories of 1Mb or more: doc 1.7Mb libs 5.5Mb Flavors: r-release-macos-arm64, r-release-macos-x86_64, r-oldrel-macos-arm64, r-oldrel-macos-x86_64