CRAN Package Check Results for Package NetPreProc

Last updated on 2022-01-23 00:57:19 CET.

Flavor Version Tinstall Tcheck Ttotal Status Flags
r-devel-linux-x86_64-debian-clang 1.1 4.99 50.05 55.04 OK
r-devel-linux-x86_64-debian-gcc 1.1 3.38 39.02 42.40 OK
r-devel-linux-x86_64-fedora-clang 1.1 68.26 NOTE
r-devel-linux-x86_64-fedora-gcc 1.1 58.72 NOTE
r-devel-windows-x86_64-new-UL 1.1 62.00 76.00 138.00 OK
r-devel-windows-x86_64-new-TK 1.1 OK
r-patched-linux-x86_64 1.1 3.52 48.12 51.64 OK
r-release-linux-x86_64 1.1 5.23 50.20 55.43 OK
r-release-macos-arm64 1.1 OK
r-release-macos-x86_64 1.1 OK
r-release-windows-ix86+x86_64 1.1 13.00 87.00 100.00 OK
r-oldrel-macos-x86_64 1.1 OK
r-oldrel-windows-ix86+x86_64 1.1 10.00 84.00 94.00 OK

Check Details

Version: 1.1
Check: compiled code
Result: NOTE
    File ‘NetPreProc/libs/NetPreProc.so’:
     Found no calls to: ‘R_registerRoutines’, ‘R_useDynamicSymbols’
    
    It is good practice to register native routines and to disable symbol
    search.
    
    See ‘Writing portable packages’ in the ‘Writing R Extensions’ manual.
Flavors: r-devel-linux-x86_64-fedora-clang, r-devel-linux-x86_64-fedora-gcc