CRAN Package Check Results for Package NPflow

Last updated on 2021-07-24 07:49:32 CEST.

Flavor Version Tinstall Tcheck Ttotal Status Flags
r-devel-linux-x86_64-debian-clang 0.13.3 296.03 127.37 423.40 OK
r-devel-linux-x86_64-debian-gcc 0.13.3 189.93 92.05 281.98 OK
r-devel-linux-x86_64-fedora-clang 0.13.3 582.10 NOTE
r-devel-linux-x86_64-fedora-gcc 0.13.3 523.70 OK
r-devel-windows-x86_64 0.13.3 253.00 117.00 370.00 OK
r-devel-windows-x86_64-gcc10-UCRT 0.13.3 OK
r-patched-linux-x86_64 0.13.3 233.30 117.19 350.49 OK
r-patched-solaris-x86 0.13.3 470.10 OK
r-release-linux-x86_64 0.13.3 227.94 118.65 346.59 OK
r-release-macos-arm64 0.13.3 NOTE
r-release-macos-x86_64 0.13.3 NOTE
r-release-windows-ix86+x86_64 0.13.3 645.00 239.00 884.00 OK
r-oldrel-macos-x86_64 0.13.3 NOTE
r-oldrel-windows-ix86+x86_64 0.13.3 680.00 220.00 900.00 OK

Check Details

Version: 0.13.3
Check: installed package size
Result: NOTE
     installed size is 8.8Mb
     sub-directories of 1Mb or more:
     libs 8.1Mb
Flavors: r-devel-linux-x86_64-fedora-clang, r-release-macos-arm64, r-release-macos-x86_64, r-oldrel-macos-x86_64