CRAN Package Check Results for Package NISTunits

Last updated on 2021-07-29 07:49:40 CEST.

Flavor Version Tinstall Tcheck Ttotal Status Flags
r-devel-linux-x86_64-debian-clang 1.0.1 NOTE
r-devel-linux-x86_64-debian-gcc 1.0.1 9.02 79.05 88.07 NOTE
r-devel-linux-x86_64-fedora-clang 1.0.1 149.36 NOTE
r-devel-linux-x86_64-fedora-gcc 1.0.1 138.48 NOTE
r-devel-windows-x86_64 1.0.1 23.00 198.00 221.00 NOTE
r-devel-windows-x86_64-gcc10-UCRT 1.0.1 NOTE
r-patched-linux-x86_64 1.0.1 20.88 97.18 118.06 NOTE
r-patched-solaris-x86 1.0.1 158.90 NOTE
r-release-linux-x86_64 1.0.1 10.01 97.13 107.14 NOTE
r-release-macos-arm64 1.0.1 NOTE
r-release-macos-x86_64 1.0.1 NOTE
r-release-windows-ix86+x86_64 1.0.1 21.00 132.00 153.00 NOTE
r-oldrel-macos-x86_64 1.0.1 NOTE
r-oldrel-windows-ix86+x86_64 1.0.1 21.00 160.00 181.00 NOTE

Check Details

Version: 1.0.1
Check: DESCRIPTION meta-information
Result: NOTE
    Malformed Description field: should contain one or more complete sentences.
Flavors: r-devel-linux-x86_64-debian-clang, r-devel-linux-x86_64-debian-gcc, r-devel-linux-x86_64-fedora-clang, r-devel-linux-x86_64-fedora-gcc, r-devel-windows-x86_64, r-devel-windows-x86_64-gcc10-UCRT, r-patched-linux-x86_64, r-patched-solaris-x86, r-release-linux-x86_64, r-release-macos-arm64, r-release-macos-x86_64, r-release-windows-ix86+x86_64, r-oldrel-macos-x86_64, r-oldrel-windows-ix86+x86_64

Version: 1.0.1
Check: data for non-ASCII characters
Result: NOTE
     Note: found 170 marked UTF-8 strings
Flavors: r-devel-linux-x86_64-fedora-clang, r-devel-linux-x86_64-fedora-gcc, r-devel-windows-x86_64-gcc10-UCRT, r-patched-solaris-x86, r-release-macos-arm64, r-release-macos-x86_64, r-oldrel-macos-x86_64