CRAN Package Check Results for Package NHMM

Last updated on 2022-10-02 11:54:19 CEST.

Flavor Version Tinstall Tcheck Ttotal Status Flags
r-devel-linux-x86_64-debian-clang 3.11 236.37 103.40 339.77 WARN
r-devel-linux-x86_64-debian-gcc 3.11 179.15 77.26 256.41 OK
r-devel-linux-x86_64-fedora-clang 3.11 556.28 WARN
r-devel-linux-x86_64-fedora-gcc 3.11 441.96 OK
r-devel-windows-x86_64 3.11 173.00 141.00 314.00 OK
r-patched-linux-x86_64 3.11 191.47 99.22 290.69 OK
r-release-linux-x86_64 3.11 187.24 98.05 285.29 OK
r-release-macos-arm64 3.11 128.00 OK
r-release-macos-x86_64 3.11 141.00 OK
r-release-windows-x86_64 3.11 175.00 148.00 323.00 OK
r-oldrel-macos-arm64 3.11 110.00 OK
r-oldrel-macos-x86_64 3.11 181.00 OK
r-oldrel-windows-ix86+x86_64 3.11 571.00 167.00 738.00 OK

Additional issues

clang14

Check Details

Version: 3.11
Check: whether package can be installed
Result: WARN
    Found the following significant warnings:
     rcpp_rmultinom.cpp:40:15: warning: use of bitwise '&' with boolean operands [-Wbitwise-instead-of-logical]
Flavors: r-devel-linux-x86_64-debian-clang, r-devel-linux-x86_64-fedora-clang