CRAN Package Check Results for Package NFP

Last updated on 2021-07-24 19:50:25 CEST.

Flavor Version Tinstall Tcheck Ttotal Status Flags
r-devel-linux-x86_64-debian-clang 0.99.4 71.43 225.19 296.62 NOTE
r-devel-linux-x86_64-debian-gcc 0.99.4 66.26 172.96 239.22 NOTE
r-devel-linux-x86_64-fedora-clang 0.99.4 397.23 NOTE
r-devel-linux-x86_64-fedora-gcc 0.99.4 388.49 NOTE
r-devel-windows-x86_64 0.99.4 79.00 190.00 269.00 NOTE
r-devel-windows-x86_64-gcc10-UCRT 0.99.4 NOTE
r-patched-linux-x86_64 0.99.4 67.43 211.71 279.14 NOTE
r-patched-solaris-x86 0.99.4 708.40 NOTE
r-release-linux-x86_64 0.99.4 68.55 212.08 280.63 NOTE
r-release-macos-arm64 0.99.4 ERROR
r-release-macos-x86_64 0.99.4 ERROR
r-release-windows-ix86+x86_64 0.99.4 120.00 194.00 314.00 NOTE
r-oldrel-macos-x86_64 0.99.4 ERROR
r-oldrel-windows-ix86+x86_64 0.99.4 126.00 234.00 360.00 NOTE

Check Details

Version: 0.99.4
Check: package dependencies
Result: NOTE
    Package suggested but not available for checking: 'NFPdata'
Flavors: r-devel-linux-x86_64-debian-clang, r-devel-linux-x86_64-debian-gcc, r-devel-linux-x86_64-fedora-clang, r-devel-linux-x86_64-fedora-gcc, r-devel-windows-x86_64, r-devel-windows-x86_64-gcc10-UCRT, r-patched-linux-x86_64, r-patched-solaris-x86, r-release-linux-x86_64, r-release-windows-ix86+x86_64, r-oldrel-windows-ix86+x86_64

Version: 0.99.4
Check: package dependencies
Result: ERROR
    Package required but not available: ‘KEGGgraph’
    
    Packages suggested but not available for checking: 'graphite', 'NFPdata'
    
    See section ‘The DESCRIPTION file’ in the ‘Writing R Extensions’
    manual.
Flavor: r-release-macos-arm64

Version: 0.99.4
Check: package dependencies
Result: ERROR
    Package required but not available: ‘KEGGgraph’
    
    Package suggested but not available for checking: ‘NFPdata’
    
    See section ‘The DESCRIPTION file’ in the ‘Writing R Extensions’
    manual.
Flavors: r-release-macos-x86_64, r-oldrel-macos-x86_64