CRAN Package Check Results for Package MuChPoint

Last updated on 2022-08-14 21:53:15 CEST.

Flavor Version Tinstall Tcheck Ttotal Status Flags
r-devel-linux-x86_64-debian-clang 0.6.3 19.98 37.21 57.19 OK
r-devel-linux-x86_64-debian-gcc 0.6.3 14.97 28.55 43.52 OK
r-devel-linux-x86_64-fedora-clang 0.6.3 87.19 NOTE
r-devel-linux-x86_64-fedora-gcc 0.6.3 83.28 NOTE
r-devel-windows-x86_64 0.6.3 34.00 79.00 113.00 OK
r-patched-linux-x86_64 0.6.3 17.74 35.37 53.11 OK
r-release-linux-x86_64 0.6.3 16.03 35.50 51.53 OK
r-release-macos-arm64 0.6.3 25.00 NOTE
r-release-macos-x86_64 0.6.3 44.00 NOTE
r-release-windows-x86_64 0.6.3 33.00 79.00 112.00 OK
r-oldrel-macos-arm64 0.6.3 26.00 NOTE
r-oldrel-macos-x86_64 0.6.3 38.00 NOTE
r-oldrel-windows-ix86+x86_64 0.6.3 49.00 90.00 139.00 OK

Check Details

Version: 0.6.3
Check: dependencies in R code
Result: NOTE
    Namespaces in Imports field not imported from:
     ‘Matrix’ ‘capushe’ ‘shiny’
     All declared Imports should be used.
Flavors: r-devel-linux-x86_64-fedora-clang, r-devel-linux-x86_64-fedora-gcc, r-release-macos-arm64, r-release-macos-x86_64, r-oldrel-macos-arm64, r-oldrel-macos-x86_64