CRAN Package Check Results for Package MplusTrees

Last updated on 2021-10-18 04:54:26 CEST.

Flavor Version Tinstall Tcheck Ttotal Status Flags
r-devel-linux-x86_64-debian-clang 0.1.1 7.47 67.31 74.78 NOTE
r-devel-linux-x86_64-debian-gcc 0.1.1 5.69 51.40 57.09 NOTE
r-devel-linux-x86_64-fedora-clang 0.1.1 100.43 NOTE
r-devel-linux-x86_64-fedora-gcc 0.1.1 90.17 NOTE
r-devel-windows-x86_64 0.1.1 13.00 92.00 105.00 NOTE
r-devel-windows-x86_64-gcc10-UCRT 0.1.1 NOTE
r-patched-linux-x86_64 0.1.1 7.05 63.05 70.10 NOTE
r-patched-solaris-x86 0.1.1 131.30 NOTE
r-release-linux-x86_64 0.1.1 7.18 62.75 69.93 NOTE
r-release-macos-arm64 0.1.1 NOTE
r-release-macos-x86_64 0.1.1 NOTE
r-release-windows-ix86+x86_64 0.1.1 19.00 88.00 107.00 NOTE
r-oldrel-macos-x86_64 0.1.1 OK
r-oldrel-windows-ix86+x86_64 0.1.1 20.00 87.00 107.00 OK

Check Details

Version: 0.1.1
Check: LazyData
Result: NOTE
     'LazyData' is specified without a 'data' directory
Flavors: r-devel-linux-x86_64-debian-clang, r-devel-linux-x86_64-debian-gcc, r-devel-linux-x86_64-fedora-clang, r-devel-linux-x86_64-fedora-gcc, r-devel-windows-x86_64, r-devel-windows-x86_64-gcc10-UCRT, r-patched-linux-x86_64, r-patched-solaris-x86, r-release-linux-x86_64, r-release-macos-arm64, r-release-macos-x86_64, r-release-windows-ix86+x86_64