CRAN Package Check Results for Package MortalityTables

Last updated on 2021-06-13 21:48:19 CEST.

Flavor Version Tinstall Tcheck Ttotal Status Flags
r-devel-linux-x86_64-debian-clang 2.0.2 9.46 117.21 126.67 OK
r-devel-linux-x86_64-debian-gcc 2.0.2 7.62 86.79 94.41 OK
r-devel-linux-x86_64-fedora-clang 2.0.2 152.97 OK
r-devel-linux-x86_64-fedora-gcc 2.0.2 177.11 WARN
r-devel-windows-x86_64 2.0.2 11.00 153.00 164.00 OK
r-devel-windows-x86_64-gcc10-UCRT 2.0.2 WARN
r-patched-linux-x86_64 2.0.2 9.37 109.59 118.96 OK
r-patched-solaris-x86 2.0.2 191.20 NOTE
r-release-linux-x86_64 2.0.2 9.50 110.01 119.51 OK
r-release-macos-arm64 2.0.2 WARN
r-release-macos-x86_64 2.0.2 WARN
r-release-windows-ix86+x86_64 2.0.2 33.00 149.00 182.00 OK
r-oldrel-macos-x86_64 2.0.2 WARN
r-oldrel-windows-ix86+x86_64 2.0.2 32.00 166.00 198.00 OK

Additional issues

M1mac

Check Details

Version: 2.0.2
Check: re-building of vignette outputs
Result: WARN
    Error(s) in re-building vignettes:
    --- re-building ‘international-mortality-tables-overview.Rmd’ using rmarkdown
    Quitting from lines 235-237 (international-mortality-tables-overview.Rmd)
    Error: processing vignette 'international-mortality-tables-overview.Rmd' failed with diagnostics:
    could not find function "whittaker"
    --- failed re-building ‘international-mortality-tables-overview.Rmd’
    
    --- re-building ‘using-the-mortalityTables-package.Rmd’ using rmarkdown
    Loading required package: ggplot2
    --- finished re-building ‘using-the-mortalityTables-package.Rmd’
    
    SUMMARY: processing the following file failed:
     ‘international-mortality-tables-overview.Rmd’
    
    Error: Vignette re-building failed.
    Execution halted
Flavor: r-devel-linux-x86_64-fedora-gcc

Version: 2.0.2
Check: re-building of vignette outputs
Result: WARN
    Error(s) in re-building vignettes:
     ...
    --- re-building 'international-mortality-tables-overview.Rmd' using rmarkdown
    Quitting from lines 235-237 (international-mortality-tables-overview.Rmd)
    Error: processing vignette 'international-mortality-tables-overview.Rmd' failed with diagnostics:
    could not find function "whittaker"
    --- failed re-building 'international-mortality-tables-overview.Rmd'
    
    --- re-building 'using-the-mortalityTables-package.Rmd' using rmarkdown
    Loading required package: ggplot2
    --- finished re-building 'using-the-mortalityTables-package.Rmd'
    
    SUMMARY: processing the following file failed:
     'international-mortality-tables-overview.Rmd'
    
    Error: Vignette re-building failed.
    Execution halted
Flavor: r-devel-windows-x86_64-gcc10-UCRT

Version: 2.0.2
Check: installed package size
Result: NOTE
     installed size is 5.2Mb
     sub-directories of 1Mb or more:
     doc 3.1Mb
     extdata 1.3Mb
Flavor: r-patched-solaris-x86

Version: 2.0.2
Check: re-building of vignette outputs
Result: WARN
    Error(s) in re-building vignettes:
     ...
    --- re-building ‘international-mortality-tables-overview.Rmd’ using rmarkdown
    Warning in engine$weave(file, quiet = quiet, encoding = enc) :
     Pandoc (>= 1.12.3) not available. Falling back to R Markdown v1.
    Quitting from lines 235-237 (international-mortality-tables-overview.Rmd)
    Error: processing vignette 'international-mortality-tables-overview.Rmd' failed with diagnostics:
    could not find function "whittaker"
    --- failed re-building ‘international-mortality-tables-overview.Rmd’
    
    --- re-building ‘using-the-mortalityTables-package.Rmd’ using rmarkdown
    Warning in engine$weave(file, quiet = quiet, encoding = enc) :
     Pandoc (>= 1.12.3) not available. Falling back to R Markdown v1.
    Loading required package: ggplot2
    --- finished re-building ‘using-the-mortalityTables-package.Rmd’
    
    SUMMARY: processing the following file failed:
     ‘international-mortality-tables-overview.Rmd’
    
    Error: Vignette re-building failed.
    Execution halted
Flavors: r-release-macos-arm64, r-release-macos-x86_64

Version: 2.0.2
Check: re-building of vignette outputs
Result: WARN
    Error(s) in re-building vignettes:
     ...
    --- re-building ‘international-mortality-tables-overview.Rmd’ using rmarkdown
    Warning in engine$weave(file, quiet = quiet, encoding = enc) :
     Pandoc (>= 1.12.3) and/or pandoc-citeproc not available. Falling back to R Markdown v1.
    Quitting from lines 302-305 (international-mortality-tables-overview.Rmd)
    Error: processing vignette 'international-mortality-tables-overview.Rmd' failed with diagnostics:
    object 'EttlPagler.male' not found
    --- failed re-building ‘international-mortality-tables-overview.Rmd’
    
    --- re-building ‘using-the-mortalityTables-package.Rmd’ using rmarkdown
    Warning in engine$weave(file, quiet = quiet, encoding = enc) :
     Pandoc (>= 1.12.3) and/or pandoc-citeproc not available. Falling back to R Markdown v1.
    Loading required package: ggplot2
    --- finished re-building ‘using-the-mortalityTables-package.Rmd’
    
    SUMMARY: processing the following file failed:
     ‘international-mortality-tables-overview.Rmd’
    
    Error: Vignette re-building failed.
    Execution halted
Flavor: r-oldrel-macos-x86_64