CRAN Package Check Results for Package Momocs

Last updated on 2023-02-08 15:52:47 CET.

Flavor Version Tinstall Tcheck Ttotal Status Flags
r-devel-linux-x86_64-debian-clang 1.4.0 27.59 277.90 305.49 NOTE
r-devel-linux-x86_64-debian-gcc 1.4.0 21.36 197.22 218.58 NOTE
r-devel-linux-x86_64-fedora-clang 1.4.0 379.16 NOTE
r-devel-linux-x86_64-fedora-gcc 1.4.0 366.44 NOTE
r-devel-windows-x86_64 1.4.0 184.00 413.00 597.00 NOTE
r-patched-linux-x86_64 1.4.0 35.52 248.40 283.92 OK
r-release-linux-x86_64 1.4.0 21.28 248.94 270.22 OK
r-release-macos-arm64 1.4.0 80.00 OK
r-release-macos-x86_64 1.4.0 148.00 OK
r-release-windows-x86_64 1.4.0 194.00 387.00 581.00 OK
r-oldrel-macos-arm64 1.4.0 85.00 OK
r-oldrel-macos-x86_64 1.4.0 118.00 OK
r-oldrel-windows-ix86+x86_64 1.4.0 47.00 357.00 404.00 OK

Check Details

Version: 1.4.0
Check: package subdirectories
Result: NOTE
    Problems with news in ‘NEWS.md’:
     Cannot extract version info from the following section titles:
     * efourier with default norm=TRUE now messages about how wrong it may be
Flavors: r-devel-linux-x86_64-debian-clang, r-devel-linux-x86_64-debian-gcc, r-devel-linux-x86_64-fedora-clang, r-devel-linux-x86_64-fedora-gcc, r-devel-windows-x86_64