CRAN Package Check Results for Package Modalclust

Last updated on 2021-09-21 04:55:20 CEST.

Flavor Version Tinstall Tcheck Ttotal Status Flags
r-devel-linux-x86_64-debian-clang 0.7 3.64 62.73 66.37 OK
r-devel-linux-x86_64-debian-gcc 0.7 2.52 49.24 51.76 OK
r-devel-linux-x86_64-fedora-clang 0.7 88.37 OK
r-devel-linux-x86_64-fedora-gcc 0.7 74.88 OK
r-devel-windows-x86_64 0.7 4.00 64.00 68.00 OK
r-devel-windows-x86_64-gcc10-UCRT 0.7 ERROR
r-patched-linux-x86_64 0.7 3.70 60.91 64.61 OK
r-patched-solaris-x86 0.7 108.60 OK
r-release-linux-x86_64 0.7 3.30 60.16 63.46 OK
r-release-macos-arm64 0.7 OK
r-release-macos-x86_64 0.7 OK
r-release-windows-ix86+x86_64 0.7 7.00 84.00 91.00 OK
r-oldrel-macos-x86_64 0.7 OK
r-oldrel-windows-ix86+x86_64 0.7 7.00 61.00 68.00 OK

Check Details

Version: 0.7
Check: whether package can be installed
Result: WARN
    Found the following significant warnings:
     WARNING: installation-time patches will not be applied, could not get the patches index
Flavor: r-devel-windows-x86_64-gcc10-UCRT

Version: 0.7
Check: PDF version of manual
Result: WARN
    LaTeX errors when creating PDF version.
    This typically indicates Rd problems.
Flavor: r-devel-windows-x86_64-gcc10-UCRT

Version: 0.7
Check: PDF version of manual without hyperrefs or index
Result: ERROR
    Re-running with no redirection of stdout/stderr.
Flavor: r-devel-windows-x86_64-gcc10-UCRT