CRAN Package Check Results for Package MoTBFs

Last updated on 2021-09-21 16:51:35 CEST.

Flavor Version Tinstall Tcheck Ttotal Status Flags
r-devel-linux-x86_64-debian-clang 1.4 11.46 141.45 152.91 OK
r-devel-linux-x86_64-debian-gcc 1.4 11.18 105.14 116.32 OK
r-devel-linux-x86_64-fedora-clang 1.4 191.75 OK
r-devel-linux-x86_64-fedora-gcc 1.4 179.70 OK
r-devel-windows-x86_64 1.4 14.00 135.00 149.00 OK
r-devel-windows-x86_64-gcc10-UCRT 1.4 ERROR
r-patched-linux-x86_64 1.4 14.00 136.80 150.80 OK
r-patched-solaris-x86 1.4 270.10 OK
r-release-linux-x86_64 1.4 11.11 135.93 147.04 OK
r-release-macos-arm64 1.4 OK
r-release-macos-x86_64 1.4 OK
r-release-windows-ix86+x86_64 1.4 25.00 179.00 204.00 OK
r-oldrel-macos-x86_64 1.4 OK
r-oldrel-windows-ix86+x86_64 1.4 24.00 194.00 218.00 OK

Check Details

Version: 1.4
Check: whether package can be installed
Result: WARN
    Found the following significant warnings:
     WARNING: installation-time patches will not be applied, could not get the patches index
Flavor: r-devel-windows-x86_64-gcc10-UCRT

Version: 1.4
Check: PDF version of manual
Result: WARN
    LaTeX errors when creating PDF version.
    This typically indicates Rd problems.
Flavor: r-devel-windows-x86_64-gcc10-UCRT

Version: 1.4
Check: PDF version of manual without hyperrefs or index
Result: ERROR
    Re-running with no redirection of stdout/stderr.
Flavor: r-devel-windows-x86_64-gcc10-UCRT