CRAN Package Check Results for Package MoBPS

Last updated on 2022-10-05 00:04:35 CEST.

Flavor Version Tinstall Tcheck Ttotal Status Flags
r-devel-linux-x86_64-debian-clang 1.6.64 57.71 170.36 228.07 NOTE
r-devel-linux-x86_64-debian-gcc 1.6.64 45.74 122.15 167.89 NOTE
r-devel-linux-x86_64-fedora-clang 1.6.64 283.26 NOTE
r-devel-linux-x86_64-fedora-gcc 1.6.64 296.89 NOTE
r-devel-windows-x86_64 1.6.64 85.00 199.00 284.00 NOTE
r-patched-linux-x86_64 1.6.64 54.79 160.24 215.03 NOTE
r-release-linux-x86_64 1.6.64 47.76 158.27 206.03 NOTE
r-release-macos-arm64 1.6.64 60.00 NOTE
r-release-macos-x86_64 1.6.64 86.00 NOTE
r-release-windows-x86_64 1.6.64 84.00 174.00 258.00 NOTE
r-oldrel-macos-arm64 1.6.64 74.00 NOTE
r-oldrel-macos-x86_64 1.6.64 95.00 NOTE
r-oldrel-windows-ix86+x86_64 1.6.64 86.00 177.00 263.00 NOTE

Check Details

Version: 1.6.64
Check: package dependencies
Result: NOTE
    Package suggested but not available for checking: 'alstructure'
    
    Packages which this enhances but not available for checking:
     'miraculix', 'MoBPSmaps'
Flavors: r-devel-linux-x86_64-debian-clang, r-devel-linux-x86_64-debian-gcc, r-devel-linux-x86_64-fedora-clang, r-devel-linux-x86_64-fedora-gcc, r-devel-windows-x86_64, r-patched-linux-x86_64, r-release-linux-x86_64, r-release-windows-x86_64

Version: 1.6.64
Check: package dependencies
Result: NOTE
    Packages suggested but not available for checking:
     'doMPI', 'biomaRt', 'alstructure'
    
    Package which this enhances but not available for checking: ‘MoBPSmaps’
Flavor: r-release-macos-arm64

Version: 1.6.64
Check: package dependencies
Result: NOTE
    Packages suggested but not available for checking: 'doMPI', 'alstructure'
    
    Packages which this enhances but not available for checking:
     'miraculix', 'MoBPSmaps'
Flavor: r-release-macos-x86_64

Version: 1.6.64
Check: package dependencies
Result: NOTE
    Packages suggested but not available for checking: 'doMPI', 'alstructure'
    
    Package which this enhances but not available for checking: ‘MoBPSmaps’
Flavors: r-oldrel-macos-arm64, r-oldrel-macos-x86_64

Version: 1.6.64
Check: package dependencies
Result: NOTE
    Package suggested but not available for checking: 'alstructure'
    
    Package which this enhances but not available for checking: 'MoBPSmaps'
Flavor: r-oldrel-windows-ix86+x86_64