Last updated on 2022-08-13 09:54:29 CEST.
Flavor | Version | Tinstall | Tcheck | Ttotal | Status | Flags |
---|---|---|---|---|---|---|
r-devel-linux-x86_64-debian-clang | 0.1.0 | 6.83 | 371.77 | 378.60 | OK | |
r-devel-linux-x86_64-debian-gcc | 0.1.0 | 4.70 | 282.06 | 286.76 | OK | |
r-devel-linux-x86_64-fedora-clang | 0.1.0 | 440.68 | NOTE | |||
r-devel-linux-x86_64-fedora-gcc | 0.1.0 | 448.38 | NOTE | |||
r-devel-windows-x86_64 | 0.1.0 | 24.00 | 356.00 | 380.00 | OK | |
r-patched-linux-x86_64 | 0.1.0 | 7.13 | 350.19 | 357.32 | OK | |
r-release-linux-x86_64 | 0.1.0 | 4.56 | 350.57 | 355.13 | OK | |
r-release-macos-arm64 | 0.1.0 | 138.00 | NOTE | |||
r-release-macos-x86_64 | 0.1.0 | 376.00 | NOTE | |||
r-release-windows-x86_64 | 0.1.0 | 26.00 | 357.00 | 383.00 | OK | |
r-oldrel-macos-arm64 | 0.1.0 | 142.00 | NOTE | |||
r-oldrel-macos-x86_64 | 0.1.0 | 252.00 | NOTE | |||
r-oldrel-windows-ix86+x86_64 | 0.1.0 | 15.00 | 368.00 | 383.00 | OK |
Version: 0.1.0
Check: package dependencies
Result: NOTE
Packages suggested but not available for checking:
'karyoploteR', 'regioneR'
Flavors: r-devel-linux-x86_64-fedora-clang, r-devel-linux-x86_64-fedora-gcc, r-release-macos-arm64, r-oldrel-macos-arm64
Version: 0.1.0
Check: package dependencies
Result: NOTE
Package suggested but not available for checking: ‘karyoploteR’
Flavors: r-release-macos-x86_64, r-oldrel-macos-x86_64