Last updated on 2022-07-04 05:50:10 CEST.
Flavor | Version | Tinstall | Tcheck | Ttotal | Status | Flags |
---|---|---|---|---|---|---|
r-devel-linux-x86_64-debian-clang | 1.30.0 | 6.59 | 93.64 | 100.23 | NOTE | |
r-devel-linux-x86_64-debian-gcc | 1.30.0 | 6.39 | 72.71 | 79.10 | NOTE | |
r-devel-linux-x86_64-fedora-clang | 1.30.0 | 134.07 | NOTE | |||
r-devel-linux-x86_64-fedora-gcc | 1.30.0 | 132.86 | NOTE | |||
r-devel-windows-x86_64 | 1.30.0 | 47.00 | 127.00 | 174.00 | NOTE | |
r-patched-linux-x86_64 | 1.30.0 | 9.39 | 91.36 | 100.75 | OK | |
r-release-linux-x86_64 | 1.30.0 | 6.61 | 89.90 | 96.51 | OK | |
r-release-macos-arm64 | 1.30.0 | 47.00 | OK | |||
r-release-macos-x86_64 | 1.30.0 | 64.00 | OK | |||
r-release-windows-x86_64 | 1.30.0 | 56.00 | 125.00 | 181.00 | OK | |
r-oldrel-macos-arm64 | 1.30.0 | 40.00 | OK | |||
r-oldrel-macos-x86_64 | 1.30.0 | 77.00 | OK | |||
r-oldrel-windows-ix86+x86_64 | 1.30.0 | 14.00 | 128.00 | 142.00 | OK |
Version: 1.30.0
Check: Rd files
Result: NOTE
checkRd: (-1) cardiac.Rd:15: Escaped LaTeX specials: \&
checkRd: (-1) plvol.Rd:14: Escaped LaTeX specials: \&
checkRd: (-1) sbp.Rd:16: Escaped LaTeX specials: \&
Flavors: r-devel-linux-x86_64-debian-clang, r-devel-linux-x86_64-debian-gcc, r-devel-linux-x86_64-fedora-clang, r-devel-linux-x86_64-fedora-gcc, r-devel-windows-x86_64
Version: 1.30.0
Check: Rd cross-references
Result: NOTE
Undeclared package ‘R2WinBUGS’ in Rd xrefs
Flavor: r-devel-linux-x86_64-fedora-clang