CRAN Package Check Results for Package MetaLonDA

Last updated on 2022-01-27 00:50:27 CET.

Flavor Version Tinstall Tcheck Ttotal Status Flags
r-devel-linux-x86_64-debian-clang 1.1.8 6.94 198.96 205.90 OK
r-devel-linux-x86_64-debian-gcc 1.1.8 4.30 148.73 153.03 OK
r-devel-linux-x86_64-fedora-clang 1.1.8 243.69 OK
r-devel-linux-x86_64-fedora-gcc 1.1.8 235.68 OK
r-devel-windows-x86_64-new-UL 1.1.8 45.00 224.00 269.00 OK
r-devel-windows-x86_64-new-TK 1.1.8 OK
r-patched-linux-x86_64 1.1.8 4.93 183.32 188.25 OK
r-release-linux-x86_64 1.1.8 5.98 189.15 195.13 OK
r-release-macos-arm64 1.1.8 OK
r-release-macos-x86_64 1.1.8 ERROR
r-release-windows-ix86+x86_64 1.1.8 16.00 284.00 300.00 OK
r-oldrel-macos-x86_64 1.1.8 ERROR
r-oldrel-windows-ix86+x86_64 1.1.8 17.00 281.00 298.00 OK

Check Details

Version: 1.1.8
Check: package dependencies
Result: ERROR
    Package required but not available: ‘metagenomeSeq’
    
    See section ‘The DESCRIPTION file’ in the ‘Writing R Extensions’
    manual.
Flavors: r-release-macos-x86_64, r-oldrel-macos-x86_64