CRAN Package Check Results for Package MetaLonDA

Last updated on 2021-06-13 21:48:18 CEST.

Flavor Version Tinstall Tcheck Ttotal Status Flags
r-devel-linux-x86_64-debian-clang 1.1.8 6.80 185.48 192.28 OK
r-devel-linux-x86_64-debian-gcc 1.1.8 4.73 139.82 144.55 OK
r-devel-linux-x86_64-fedora-clang 1.1.8 238.68 OK
r-devel-linux-x86_64-fedora-gcc 1.1.8 241.06 OK
r-devel-windows-x86_64 1.1.8 9.00 286.00 295.00 OK
r-devel-windows-x86_64-gcc10-UCRT 1.1.8 OK
r-patched-linux-x86_64 1.1.8 6.16 177.20 183.36 OK
r-patched-solaris-x86 1.1.8 399.80 OK
r-release-linux-x86_64 1.1.8 5.07 173.82 178.89 OK
r-release-macos-arm64 1.1.8 ERROR
r-release-macos-x86_64 1.1.8 ERROR
r-release-windows-ix86+x86_64 1.1.8 27.00 285.00 312.00 OK
r-oldrel-macos-x86_64 1.1.8 ERROR
r-oldrel-windows-ix86+x86_64 1.1.8 22.00 274.00 296.00 OK

Check Details

Version: 1.1.8
Check: package dependencies
Result: ERROR
    Packages required but not available: 'metagenomeSeq', 'DESeq2', 'edgeR'
    
    See section ‘The DESCRIPTION file’ in the ‘Writing R Extensions’
    manual.
Flavor: r-release-macos-arm64

Version: 1.1.8
Check: package dependencies
Result: ERROR
    Package required but not available: ‘metagenomeSeq’
    
    See section ‘The DESCRIPTION file’ in the ‘Writing R Extensions’
    manual.
Flavors: r-release-macos-x86_64, r-oldrel-macos-x86_64