CRAN Package Check Results for Package MetaCycle

Last updated on 2021-07-29 07:49:37 CEST.

Flavor Version Tinstall Tcheck Ttotal Status Flags
r-devel-linux-x86_64-debian-clang 1.2.0 NOTE
r-devel-linux-x86_64-debian-gcc 1.2.0 7.67 68.46 76.13 NOTE
r-devel-linux-x86_64-fedora-clang 1.2.0 128.19 NOTE
r-devel-linux-x86_64-fedora-gcc 1.2.0 118.20 NOTE
r-devel-windows-x86_64 1.2.0 12.00 115.00 127.00 OK
r-devel-windows-x86_64-gcc10-UCRT 1.2.0 OK
r-patched-linux-x86_64 1.2.0 9.65 87.03 96.68 NOTE
r-patched-solaris-x86 1.2.0 161.50 NOTE
r-release-linux-x86_64 1.2.0 10.90 87.67 98.57 NOTE
r-release-macos-arm64 1.2.0 OK
r-release-macos-x86_64 1.2.0 OK
r-release-windows-ix86+x86_64 1.2.0 22.00 114.00 136.00 OK
r-oldrel-macos-x86_64 1.2.0 OK
r-oldrel-windows-ix86+x86_64 1.2.0 17.00 110.00 127.00 OK

Check Details

Version: 1.2.0
Check: for non-standard things in the check directory
Result: NOTE
    Found the following files/directories:
     'cycHumanBloodData.csv' 'cycHumanBloodDesign.csv'
     'cycMouseLiverProtein.txt' 'cycMouseLiverRNA.csv' 'cycSimu4h2d.csv'
     'cycYeastCycle.csv' 'example'
Flavors: r-devel-linux-x86_64-debian-clang, r-devel-linux-x86_64-debian-gcc, r-devel-linux-x86_64-fedora-clang, r-devel-linux-x86_64-fedora-gcc, r-patched-linux-x86_64, r-patched-solaris-x86, r-release-linux-x86_64