CRAN Package Check Results for Package MaxPro

Last updated on 2021-09-20 16:50:41 CEST.

Flavor Version Tinstall Tcheck Ttotal Status Flags
r-devel-linux-x86_64-debian-clang 4.1-2 4.07 25.39 29.46 OK
r-devel-linux-x86_64-debian-gcc 4.1-2 3.08 20.04 23.12 OK
r-devel-linux-x86_64-fedora-clang 4.1-2 43.45 OK
r-devel-linux-x86_64-fedora-gcc 4.1-2 33.13 OK
r-devel-windows-x86_64 4.1-2 7.00 34.00 41.00 OK
r-devel-windows-x86_64-gcc10-UCRT 4.1-2 ERROR
r-patched-linux-x86_64 4.1-2 3.90 24.89 28.79 OK
r-patched-solaris-x86 4.1-2 54.00 OK
r-release-linux-x86_64 4.1-2 3.47 24.51 27.98 OK
r-release-macos-arm64 4.1-2 OK
r-release-macos-x86_64 4.1-2 OK
r-release-windows-ix86+x86_64 4.1-2 12.00 53.00 65.00 OK
r-oldrel-macos-x86_64 4.1-2 OK
r-oldrel-windows-ix86+x86_64 4.1-2 11.00 41.00 52.00 OK

Check Details

Version: 4.1-2
Check: whether package can be installed
Result: ERROR
    Installation failed.
Flavor: r-devel-windows-x86_64-gcc10-UCRT