CRAN Package Check Results for Package MatrixLDA

Last updated on 2022-01-23 00:57:17 CET.

Flavor Version Tinstall Tcheck Ttotal Status Flags
r-devel-linux-x86_64-debian-clang 0.2 29.98 56.32 86.30 NOTE
r-devel-linux-x86_64-debian-gcc 0.2 22.79 42.66 65.45 NOTE
r-devel-linux-x86_64-fedora-clang 0.2 118.94 NOTE
r-devel-linux-x86_64-fedora-gcc 0.2 107.40 NOTE
r-devel-windows-x86_64-new-UL 0.2 49.00 91.00 140.00 NOTE
r-devel-windows-x86_64-new-TK 0.2 NOTE
r-patched-linux-x86_64 0.2 32.31 53.99 86.30 NOTE
r-release-linux-x86_64 0.2 27.59 52.63 80.22 NOTE
r-release-macos-arm64 0.2 NOTE
r-release-macos-x86_64 0.2 NOTE
r-release-windows-ix86+x86_64 0.2 82.00 109.00 191.00 NOTE
r-oldrel-macos-x86_64 0.2 OK
r-oldrel-windows-ix86+x86_64 0.2 85.00 110.00 195.00 OK

Check Details

Version: 0.2
Check: LazyData
Result: NOTE
     'LazyData' is specified without a 'data' directory
Flavors: r-devel-linux-x86_64-debian-clang, r-devel-linux-x86_64-debian-gcc, r-devel-linux-x86_64-fedora-clang, r-devel-linux-x86_64-fedora-gcc, r-devel-windows-x86_64-new-UL, r-devel-windows-x86_64-new-TK, r-patched-linux-x86_64, r-release-linux-x86_64, r-release-macos-arm64, r-release-macos-x86_64, r-release-windows-ix86+x86_64