CRAN Package Check Results for Package MaOEA

Last updated on 2021-06-20 09:49:55 CEST.

Flavor Version Tinstall Tcheck Ttotal Status Flags
r-devel-linux-x86_64-debian-clang 0.6.2 9.20 78.47 87.67 NOTE
r-devel-linux-x86_64-debian-gcc 0.6.2 7.95 59.46 67.41 NOTE
r-devel-linux-x86_64-fedora-clang 0.6.2 113.27 NOTE
r-devel-linux-x86_64-fedora-gcc 0.6.2 102.13 NOTE
r-devel-windows-x86_64 0.6.2 15.00 74.00 89.00 NOTE
r-devel-windows-x86_64-gcc10-UCRT 0.6.2 NOTE
r-patched-linux-x86_64 0.6.2 9.42 75.36 84.78 NOTE
r-patched-solaris-x86 0.6.2 156.20 NOTE
r-release-linux-x86_64 0.6.2 8.39 74.68 83.07 NOTE
r-release-macos-arm64 0.6.2 NOTE
r-release-macos-x86_64 0.6.2 NOTE
r-release-windows-ix86+x86_64 0.6.2 21.00 106.00 127.00 NOTE
r-oldrel-macos-x86_64 0.6.2 OK
r-oldrel-windows-ix86+x86_64 0.6.2 17.00 103.00 120.00 OK

Check Details

Version: 0.6.2
Check: LazyData
Result: NOTE
     'LazyData' is specified without a 'data' directory
Flavors: r-devel-linux-x86_64-debian-clang, r-devel-linux-x86_64-debian-gcc, r-devel-linux-x86_64-fedora-clang, r-devel-linux-x86_64-fedora-gcc, r-devel-windows-x86_64, r-devel-windows-x86_64-gcc10-UCRT, r-patched-linux-x86_64, r-patched-solaris-x86, r-release-linux-x86_64, r-release-macos-arm64, r-release-macos-x86_64, r-release-windows-ix86+x86_64