CRAN Package Check Results for Package MUACz

Last updated on 2022-01-28 00:49:01 CET.

Flavor Version Tinstall Tcheck Ttotal Status Flags
r-devel-linux-x86_64-debian-clang 2.1.0 11.37 103.62 114.99 NOTE
r-devel-linux-x86_64-debian-gcc 2.1.0 8.55 78.76 87.31 NOTE
r-devel-linux-x86_64-fedora-clang 2.1.0 131.04 NOTE
r-devel-linux-x86_64-fedora-gcc 2.1.0 124.47 NOTE
r-devel-windows-x86_64-new-UL 2.1.0 23.00 109.00 132.00 NOTE
r-devel-windows-x86_64-new-TK 2.1.0 NOTE
r-patched-linux-x86_64 2.1.0 8.38 91.54 99.92 NOTE
r-release-linux-x86_64 2.1.0 9.98 93.45 103.43 NOTE
r-release-macos-arm64 2.1.0 NOTE
r-release-macos-x86_64 2.1.0 NOTE
r-release-windows-ix86+x86_64 2.1.0 24.00 114.00 138.00 NOTE
r-oldrel-macos-x86_64 2.1.0 OK
r-oldrel-windows-ix86+x86_64 2.1.0 24.00 111.00 135.00 OK

Check Details

Version: 2.1.0
Check: LazyData
Result: NOTE
     'LazyData' is specified without a 'data' directory
Flavors: r-devel-linux-x86_64-debian-clang, r-devel-linux-x86_64-debian-gcc, r-devel-linux-x86_64-fedora-clang, r-devel-linux-x86_64-fedora-gcc, r-devel-windows-x86_64-new-UL, r-devel-windows-x86_64-new-TK, r-patched-linux-x86_64, r-release-linux-x86_64, r-release-macos-arm64, r-release-macos-x86_64, r-release-windows-ix86+x86_64