CRAN Package Check Results for Package MTSYS

Last updated on 2023-02-04 04:53:58 CET.

Flavor Version Tinstall Tcheck Ttotal Status Flags
r-devel-linux-x86_64-debian-clang 1.2.0 2.44 31.56 34.00 NOTE
r-devel-linux-x86_64-debian-gcc 1.2.0 1.87 25.31 27.18 NOTE
r-devel-linux-x86_64-fedora-clang 1.2.0 44.01 NOTE
r-devel-linux-x86_64-fedora-gcc 1.2.0 45.30 NOTE
r-devel-windows-x86_64 1.2.0 25.00 72.00 97.00 NOTE
r-patched-linux-x86_64 1.2.0 2.72 30.02 32.74 NOTE
r-release-linux-x86_64 1.2.0 2.68 30.07 32.75 NOTE
r-release-macos-arm64 1.2.0 18.00 NOTE
r-release-macos-x86_64 1.2.0 25.00 NOTE
r-release-windows-x86_64 1.2.0 25.00 71.00 96.00 NOTE
r-oldrel-macos-arm64 1.2.0 22.00 NOTE
r-oldrel-macos-x86_64 1.2.0 30.00 NOTE
r-oldrel-windows-ix86+x86_64 1.2.0 6.00 61.00 67.00 NOTE

Check Details

Version: 1.2.0
Check: LazyData
Result: NOTE
     'LazyData' is specified without a 'data' directory
Flavors: r-devel-linux-x86_64-debian-clang, r-devel-linux-x86_64-debian-gcc, r-devel-linux-x86_64-fedora-clang, r-devel-linux-x86_64-fedora-gcc, r-devel-windows-x86_64, r-patched-linux-x86_64, r-release-linux-x86_64, r-release-macos-arm64, r-release-macos-x86_64, r-release-windows-x86_64, r-oldrel-macos-arm64, r-oldrel-macos-x86_64, r-oldrel-windows-ix86+x86_64