CRAN Package Check Results for Package MTS

Last updated on 2021-07-24 19:50:24 CEST.

Flavor Version Tinstall Tcheck Ttotal Status Flags
r-devel-linux-x86_64-debian-clang 1.0.3 43.51 154.38 197.89 OK
r-devel-linux-x86_64-debian-gcc 1.0.3 30.21 114.19 144.40 OK
r-devel-linux-x86_64-fedora-clang 1.0.3 251.42 NOTE
r-devel-linux-x86_64-fedora-gcc 1.0.3 243.34 NOTE
r-devel-windows-x86_64 1.0.3 37.00 141.00 178.00 OK
r-devel-windows-x86_64-gcc10-UCRT 1.0.3 OK
r-patched-linux-x86_64 1.0.3 36.68 149.19 185.87 OK
r-patched-solaris-x86 1.0.3 248.50 OK
r-release-linux-x86_64 1.0.3 34.52 148.26 182.78 OK
r-release-macos-arm64 1.0.3 OK
r-release-macos-x86_64 1.0.3 OK
r-release-windows-ix86+x86_64 1.0.3 74.00 173.00 247.00 OK
r-oldrel-macos-x86_64 1.0.3 OK
r-oldrel-windows-ix86+x86_64 1.0.3 73.00 222.00 295.00 OK

Check Details

Version: 1.0.3
Check: compiled code
Result: NOTE
    File ‘MTS/libs/MTS.so’:
     Found no calls to: ‘R_registerRoutines’, ‘R_useDynamicSymbols’
    
    It is good practice to register native routines and to disable symbol
    search.
    
    See ‘Writing portable packages’ in the ‘Writing R Extensions’ manual.
Flavors: r-devel-linux-x86_64-fedora-clang, r-devel-linux-x86_64-fedora-gcc