CRAN Package Check Results for Package MTLR

Last updated on 2023-02-04 04:53:58 CET.

Flavor Version Tinstall Tcheck Ttotal Status Flags
r-devel-linux-x86_64-debian-clang 0.2.1 38.47 71.42 109.89 NOTE
r-devel-linux-x86_64-debian-gcc 0.2.1 29.79 55.06 84.85 NOTE
r-devel-linux-x86_64-fedora-clang 0.2.1 144.69 NOTE
r-devel-linux-x86_64-fedora-gcc 0.2.1 165.12 NOTE
r-devel-windows-x86_64 0.2.1 80.00 122.00 202.00 NOTE
r-patched-linux-x86_64 0.2.1 30.09 68.02 98.11 NOTE
r-release-linux-x86_64 0.2.1 29.91 70.08 99.99 NOTE
r-release-macos-arm64 0.2.1 42.00 NOTE
r-release-macos-x86_64 0.2.1 54.00 NOTE
r-release-windows-x86_64 0.2.1 47.00 127.00 174.00 NOTE
r-oldrel-macos-arm64 0.2.1 50.00 NOTE
r-oldrel-macos-x86_64 0.2.1 80.00 NOTE
r-oldrel-windows-ix86+x86_64 0.2.1 88.00 148.00 236.00 NOTE

Check Details

Version: 0.2.1
Check: LazyData
Result: NOTE
     'LazyData' is specified without a 'data' directory
Flavors: r-devel-linux-x86_64-debian-clang, r-devel-linux-x86_64-debian-gcc, r-devel-linux-x86_64-fedora-clang, r-devel-linux-x86_64-fedora-gcc, r-devel-windows-x86_64, r-patched-linux-x86_64, r-release-linux-x86_64, r-release-macos-arm64, r-release-macos-x86_64, r-release-windows-x86_64, r-oldrel-macos-arm64, r-oldrel-macos-x86_64, r-oldrel-windows-ix86+x86_64