CRAN Package Check Results for Package MTA

Last updated on 2021-09-26 16:49:20 CEST.

Flavor Version Tinstall Tcheck Ttotal Status Flags
r-devel-linux-x86_64-debian-clang 0.3.0 6.62 93.97 100.59 OK
r-devel-linux-x86_64-debian-gcc 0.3.0 4.80 70.24 75.04 OK
r-devel-linux-x86_64-fedora-clang 0.3.0 127.73 OK
r-devel-linux-x86_64-fedora-gcc 0.3.0 114.44 OK
r-devel-windows-x86_64 0.3.0 9.00 84.00 93.00 OK
r-devel-windows-x86_64-gcc10-UCRT 0.3.0 OK
r-patched-linux-x86_64 0.3.0 6.32 88.72 95.04 OK
r-patched-solaris-x86 0.3.0 146.70 OK
r-release-linux-x86_64 0.3.0 6.01 87.40 93.41 OK
r-release-macos-arm64 0.3.0 FAIL
r-release-macos-x86_64 0.3.0 OK
r-release-windows-ix86+x86_64 0.3.0 17.00 112.00 129.00 OK
r-oldrel-macos-x86_64 0.3.0 OK
r-oldrel-windows-ix86+x86_64 0.3.0 14.00 80.00 94.00 OK

Check Details

Version: 0.3.0
Check: re-building of vignette outputs
Result: WARN
    Error(s) in re-building vignettes:
    --- re-building ‘MTA.Rmd’ using rmarkdown
    Warning in engine$weave(file, quiet = quiet, encoding = enc) :
     Pandoc (>= 1.12.3) not available. Falling back to R Markdown v1.
    --- finished re-building ‘MTA.Rmd’
    
    --- re-building ‘MTA_Scenario.Rmd’ using rmarkdown
    Warning in engine$weave(file, quiet = quiet, encoding = enc) :
     Pandoc (>= 1.12.3) not available. Falling back to R Markdown v1.
    Warning in strwidth(categ, cex = values.cex) :
     no font could be found for family "Arial"
    Warning in strwidth(categ, cex = values.cex) :
     no font could be found for family "Arial"
    Warning in strwidth(categ, cex = values.cex) :
     no font could be found for family "Arial"
    Warning in strwidth(categ, cex = values.cex) :
     no font could be found for family "Arial"
    Warning in strwidth(categ, cex = values.cex) :
     no font could be found for family "Arial"
    Warning in strwidth(categ, cex = values.cex) :
     no font could be found for family "Arial"
    Warning in strwidth(categ, cex = values.cex) :
     no font could be found for family "Arial"
    Warning in strwidth(categ, cex = values.cex) :
     no font could be found for family "Arial"
    Warning in strwidth(categ, cex = values.cex) :
     no font could be found for family "Arial"
    Warning in strwidth(categ, cex = values.cex) :
     no font could be found for family "Arial"
    Warning in strwidth(categ, cex = values.cex) :
     no font could be found for family "Arial"
    Warning in strwidth(categ, cex = values.cex) :
     no font could be found for family "Arial"
    Warning in strwidth(categ, cex = values.cex) :
     no font could be found for family "Arial"
    Warning in strwidth(categ, cex = values.cex) :
     no font could be found for family "Arial"
    Warning in strwidth(categ, cex = values.cex) :
     no font could be found for family "Arial"
    Warning in strwidth(categ, cex = values.cex) :
     no font could be found for family "Arial"
    Warning in strwidth(categ, cex = values.cex) :
     no font could be found for family "Arial"
    Warning in strwidth(categ, cex = values.cex) :
     no font could be found for family "Arial"
    Warning in strwidth(categ, cex = values.cex) :
     no font could be found for family "Arial"
    Warning in strwidth(categ, cex = values.cex) :
     no font could be found for family "Arial"
    Warning in strwidth(categ, cex = values.cex) :
     no font could be found for family "Arial"
    Warning in strwidth(categ, cex = values.cex) :
     no font could be found for family "Arial"
    Warning in strwidth(categ, cex = values.cex) :
     no font could be found for family "Arial"
    Warning in strwidth(categ, cex = values.cex) :
     no font could be found for family "Arial"
    Warning in strwidth(categ, cex = values.cex) :
     no font could be found for family "Arial"
    Warning in strwidth(categ, cex = values.cex) :
     no font could be found for family "Arial"
    Warning in strwidth(categ, cex = values.cex) :
     no font could be found for family "Arial"
    Warning in strwidth(categ, cex = values.cex) :
     no font could be found for family "Arial"
    Warning in strwidth(categ, cex = values.cex) :
     no font could be found for family "Arial"
    Warning in strwidth(categ, cex = values.cex) :
     no font could be found for family "Arial"
    Warning in strwidth(c(longVal, nodata.txt), cex = values.cex) :
     no font could be found for family "Arial"
    Warning in strwidth(c(longVal, nodata.txt), cex = values.cex) :
     no font could be found for family "Arial"
    Warning in strwidth(title.txt, cex = title.cex) :
     no font could be found for family "Arial"
    Warning in strheight(title.txt, cex = title.cex) :
     no font could be found for family "Arial"
    Warning in text.default(xscale + (size/2), yscale + inset/10, paste(labelscale, :
     no font could be found for family "Arial"
    Warning in text.default(xscale + (size/2), yscale + inset/10, paste(labelscale, :
     no font could be found for family "Arial"
    Warning in text.default(xscale + (size/2), yscale + inset/10, paste(labelscale, :
     no font could be found for family "Arial"
    Warning in text.default(xscale + (size/2), yscale + inset/10, paste(labelscale, :
     no font could be found for family "Arial"
    Warning in text.default(x = xx[1] + (xx[3] - xx[1])/2, y = yarrow, labels = azim, :
     no font could be found for family "Arial"
    Warning in text.default(x = xx[1] + (xx[3] - xx[1])/2, y = yarrow, labels = azim, :
     no font could be found for family "Arial"
    Warning in text.default(x = xx[1] + (xx[3] - xx[1])/2, y = yarrow, labels = azim, :
     no font could be found for family "Arial"
    Warning in strwidth(title, cex = size, units = "inches", font = 2) :
     no font could be found for family "Arial"
    Warning in text.default(x = x1 + delta/2, y = y1 + delta/2, labels = credit, :
     no font could be found for family "Arial"
    Warning in text.default(x = x1 + delta/2, y = y1 + delta/2, labels = credit, :
     no font could be found for family "Arial"
    Warning in text.default(x = x1 + delta/2, y = y1 + delta/2, labels = credit, :
     no font could be found for family "Arial"
    Warning in text.default(x = x1 + delta/2, y = y1 + delta/2, labels = credit, :
     no font could be found for family "Arial"
    Warning in text.default(x = x1 + delta/2, y = y1 + delta/2, labels = credit, :
     no font could be found for family "Arial"
    Warning in doTryCatch(return(expr), name, parentenv, handler) :
     no font could be found for family "Arial"
    Warning in doTryCatch(return(expr), name, parentenv, handler) :
     no font could be found for family "Arial"
    Warning in doTryCatch(return(expr), name, parentenv, handler) :
     no font could be found for family "Arial"
    Warning in doTryCatch(return(expr), name, parentenv, handler) :
     no font could be found for family "Arial"
    Warning in doTryCatch(return(expr), name, parentenv, handler) :
     no font could be found for family "Arial"
    Warning in doTryCatch(return(expr), name, parentenv, handler) :
     no font could be found for family "Arial"
    Warning in doTryCatch(return(expr), name, parentenv, handler) :
     no font could be found for family "Arial"
    Warning in doTryCatch(return(expr), name, parentenv, handler) :
     no font could be found for family "Arial"
    Warning in doTryCatch(return(expr), name, parentenv, handler) :
     no font could be found for family "Arial"
    Warning in doTryCatch(return(expr), name, parentenv, handler) :
     no font could be found for family "Arial"
    Warning in doTryCatch(return(expr), name, parentenv, handler) :
     no font could be found for family "Arial"
    Warning in doTryCatch(return(expr), name, parentenv, handler) :
     no font could be found for family "Arial"
    Warning in doTryCatch(return(expr), name, parentenv, handler) :
     no font could be found for family "Arial"
    Warning in doTryCatch(return(expr), name, parentenv, handler) :
     no font could be found for family "Arial"
    Warning in doTryCatch(return(expr), name, parentenv, handler) :
     no font could be found for family "Arial"
    Warning in doTryCatch(return(expr), name, parentenv, handler) :
     no font could be found for family "Arial"
    Warning in doTryCatch(return(expr), name, parentenv, handler) :
     no font could be found for family "Arial"
    Warning in doTryCatch(return(expr), name, parentenv, handler) :
     no font could be found for family "Arial"
    Warning in doTryCatch(return(expr), name, parentenv, handler) :
     no font could be found for family "Arial"
    Warning in doTryCatch(return(expr), name, parentenv, handler) :
     no font could be found for family "Arial"
    Warning in doTryCatch(return(expr), name, parentenv, handler) :
     no font could be found for family "Arial"
    Warning in doTryCatch(return(expr), name, parentenv, handler) :
     no font could be found for family "Arial"
    Warning in doTryCatch(return(expr), name, parentenv, handler) :
     no font could be found for family "Arial"
    Warning in doTryCatch(return(expr), name, parentenv, handler) :
     no font could be found for family "Arial"
    Warning in doTryCatch(return(expr), name, parentenv, handler) :
     no font could be found for family "Arial"
    Warning in doTryCatch(return(expr), name, parentenv, handler) :
     no font could be found for family "Arial"
    Warning in doTryCatch(return(expr), name, parentenv, handler) :
     no font could be found for family "Arial"
    Warning in doTryCatch(return(expr), name, parentenv, handler) :
     no font could be found for family "Arial"
    Warning in doTryCatch(return(expr), name, parentenv, handler) :
     no font could be found for family "Arial"
    Warning in doTryCatch(return(expr), name, parentenv, handler) :
     no font could be found for family "Arial"
    Warning in doTryCatch(return(expr), name, parentenv, handler) :
     no font could be found for family "Arial"
    Warning in doTryCatch(return(expr), name, parentenv, handler) :
     no font could be found for family "Arial"
    Warning in doTryCatch(return(expr), name, parentenv, handler) :
     no font could be found for family "Arial"
    Warning in doTryCatch(return(expr), name, parentenv, handler) :
     no font could be found for family "Arial"
    Warning in doTryCatch(return(expr), name, parentenv, handler) :
     no font could be found for family "Arial"
    Warning in doTryCatch(return(expr), name, parentenv, handler) :
     no font could be found for family "Arial"
    Warning in doTryCatch(return(expr), name, parentenv, handler) :
     no font could be found for family "Arial"
    Warning in doTryCatch(return(expr), name, parentenv, handler) :
     no font could be found for family "Arial"
    Warning in doTryCatch(return(expr), name, parentenv, handler) :
     no font could be found for family "Arial"
    Warning in doTryCatch(return(expr), name, parentenv, handler) :
     no font could be found for family "Arial"
    Warning in doTryCatch(return(expr), name, parentenv, handler) :
     no font could be found for family "Arial"
    Warning in doTryCatch(return(expr), name, parentenv, handler) :
     no font could be found for family "Arial"
    Warning in doTryCatch(return(expr), name, parentenv, handler) :
     no font could be found for family "Arial"
    Warning in doTryCatch(return(expr), name, parentenv, handler) :
     no font could be found for family "Arial"
    Warning in doTryCatch(return(expr), name, parentenv, handler) :
     no font could be found for family "Arial"
    Warning in doTryCatch(return(expr), name, parentenv, handler) :
     no font could be found for family "Arial"
    Warning in doTryCatch(return(expr), name, parentenv, handler) :
     no font could be found for family "Arial"
    Warning in strwidth(var, cex = values.cex) :
     no font could be found for family "Arial"
    Warning in strwidth(var, cex = values.cex) :
     no font could be found for family "Arial"
    Warning in strwidth(var, cex = values.cex) :
     no font could be found for family "Arial"
    Warning in strwidth(var, cex = values.cex) :
     no font could be found for family "Arial"
    Warning in strwidth(var, cex = values.cex) :
     no font could be found for family "Arial"
    Warning in strwidth(var, cex = values.cex) :
     no font could be found for family "Arial"
    Warning in strwidth(var, cex = values.cex) :
     no font could be found for family "Arial"
    Warning in strwidth(var, cex = values.cex) :
     no font could be found for family "Arial"
    Warning in strwidth(longVal, cex = values.cex) :
     no font could be found for family "Arial"
    Warning in strwidth(title.txt, cex = title.cex) :
     no font could be found for family "Arial"
    Warning in strwidth(title.txt, cex = title.cex) :
     no font could be found for family "Arial"
    Warning in strheight(title.txt, cex = title.cex) :
     no font could be found for family "Arial"
    Warning in strwidth(title, cex = size, units = "inches", font = 2) :
     no font could be found for family "Arial"
    Warning in strheight(title, cex = 0.8, units = "inches", font = 2) :
     no font could be found for family "Arial"
    Warning in text.default(x = x1 + delta/2, y = y1 + delta/2, labels = credit, :
     no font could be found for family "Arial"
    Warning in text.default(x = x1 + delta/2, y = y1 + delta/2, labels = credit, :
     no font could be found for family "Arial"
    Warning in text.default(x = x1 + delta/2, y = y1 + delta/2, labels = credit, :
     no font could be found for family "Arial"
    Warning in text.default(x = x1 + delta/2, y = y1 + delta/2, labels = credit, :
     no font could be found for family "Arial"
    Warning in text.default(x = x1 + delta/2, y = y1 + delta/2, labels = credit, :
     no font could be found for family "Arial"
    Warning in strwidth(var, cex = values.cex) :
     no font could be found for family "Arial"
    Warning in strwidth(var, cex = values.cex) :
     no font could be found for family "Arial"
    Warning in strwidth(var, cex = values.cex) :
     no font could be found for family "Arial"
    Warning in strwidth(var, cex = values.cex) :
     no font could be found for family "Arial"
    Warning in strwidth(var, cex = values.cex) :
     no font could be found for family "Arial"
    Warning in strwidth(var, cex = values.cex) :
     no font could be found for family "Arial"
    Warning in strwidth(var, cex = values.cex) :
     no font could be found for family "Arial"
    Warning in strwidth(var, cex = values.cex) :
     no font could be found for family "Arial"
    Warning in strwidth(longVal, cex = values.cex) :
     no font could be found for family "Arial"
    Warning in strwidth(title.txt, cex = title.cex) :
     no font could be found for family "Arial"
    Warning in strheight(title.txt, cex = title.cex) :
     no font could be found for family "Arial"
    Warning in text.default(xscale + (size/2), yscale + inset/10, paste(labelscale, :
     no font could be found for family "Arial"
    Warning in text.default(xscale + (size/2), yscale + inset/10, paste(labelscale, :
     no font could be found for family "Arial"
    Warning in text.default(xscale + (size/2), yscale + inset/10, paste(labelscale, :
     no font could be found for family "Arial"
    Warning in text.default(xscale + (size/2), yscale + inset/10, paste(labelscale, :
     no font could be found for family "Arial"
    Warning in text.default(x = xx[1] + (xx[3] - xx[1])/2, y = yarrow, labels = azim, :
     no font could be found for family "Arial"
    Warning in text.default(x = xx[1] + (xx[3] - xx[1])/2, y = yarrow, labels = azim, :
     no font could be found for family "Arial"
    Warning in text.default(x = xx[1] + (xx[3] - xx[1])/2, y = yarrow, labels = azim, :
     no font could be found for family "Arial"
    Warning in strwidth(title, cex = size, units = "inches", font = 2) :
     no font could be found for family "Arial"
    Warning in doTryCatch(return(expr), name, parentenv, handler) :
     no font could be found for family "Arial"
    Warning in doTryCatch(return(expr), name, parentenv, handler) :
     no font could be found for family "Arial"
    Warning in doTryCatch(return(expr), name, parentenv, handler) :
     no font could be found for family "Arial"
    Warning in doTryCatch(return(expr), name, parentenv, handler) :
     no font could be found for family "Arial"
    Warning in doTryCatch(return(expr), name, parentenv, handler) :
     no font could be found for family "Arial"
    Warning in doTryCatch(return(expr), name, parentenv, handler) :
     no font could be found for family "Arial"
    Warning in doTryCatch(return(expr), name, parentenv, handler) :
     no font could be found for family "Arial"
    Warning in doTryCatch(return(expr), name, parentenv, handler) :
     no font could be found for family "Arial"
    Warning in doTryCatch(return(expr), name, parentenv, handler) :
     no font could be found for family "Arial"
    Warning in doTryCatch(return(expr), name, parentenv, handler) :
     no font could be found for family "Arial"
    Warning in doTryCatch(return(expr), name, parentenv, handler) :
     no font could be found for family "Arial"
    Warning in doTryCatch(return(expr), name, parentenv, handler) :
     no font could be found for family "Arial"
    Warning in doTryCatch(return(expr), name, parentenv, handler) :
     no font could be found for family "Arial"
    Warning in doTryCatch(return(expr), name, parentenv, handler) :
     no font could be found for family "Arial"
    Warning in doTryCatch(return(expr), name, parentenv, handler) :
     no font could be found for family "Arial"
    Warning in doTryCatch(return(expr), name, parentenv, handler) :
     no font could be found for family "Arial"
    Warning in doTryCatch(return(expr), name, parentenv, handler) :
     no font could be found for family "Arial"
    Warning in doTryCatch(return(expr), name, parentenv, handler) :
     no font could be found for family "Arial"
    Warning in doTryCatch(return(expr), name, parentenv, handler) :
     no font could be found for family "Arial"
    Warning in doTryCatch(return(expr), name, parentenv, handler) :
     no font could be found for family "Arial"
    Warning in doTryCatch(return(expr), name, parentenv, handler) :
     no font could be found for family "Arial"
    Warning in doTryCatch(return(expr), name, parentenv, handler) :
     no font could be found for family "Arial"
    Warning in doTryCatch(return(expr), name, parentenv, handler) :
     no font could be found for family "Arial"
    Warning in doTryCatch(return(expr), name, parentenv, handler) :
     no font could be found for family "Arial"
    Warning in doTryCatch(return(expr), name, parentenv, handler) :
     no font could be found for family "Arial"
    Warning in doTryCatch(return(expr), name, parentenv, handler) :
     no font could be found for family "Arial"
    Warning in doTryCatch(return(expr), name, parentenv, handler) :
     no font could be found for family "Arial"
    Warning in doTryCatch(return(expr), name, parentenv, handler) :
     no font could be found for family "Arial"
    Warning in doTryCatch(return(expr), name, parentenv, handler) :
     no font could be found for family "Arial"
    Warning in doTryCatch(return(expr), name, parentenv, handler) :
     no font could be found for family "Arial"
    Warning in doTryCatch(return(expr), name, parentenv, handler) :
     no font could be found for family "Arial"
    Warning in doTryCatch(return(expr), name, parentenv, handler) :
     no font could be found for family "Arial"
    Warning in doTryCatch(return(expr), name, parentenv, handler) :
     no font could be found for family "Arial"
    Warning in doTryCatch(return(expr), name, parentenv, handler) :
     no font could be found for family "Arial"
    Warning in doTryCatch(return(expr), name, parentenv, handler) :
     no font could be found for family "Arial"
    Warning in doTryCatch(return(expr), name, parentenv, handler) :
     no font could be found for family "Arial"
    Warning in doTryCatch(return(expr), name, parentenv, handler) :
     no font could be found for family "Arial"
    Warning in doTryCatch(return(expr), name, parentenv, handler) :
     no font could be found for family "Arial"
    Warning in strwidth(c(breaks, nodata.txt), cex = values.cex) :
     no font could be found for family "Arial"
    Warning in strwidth(c(breaks, nodata.txt), cex = values.cex) :
     no font could be found for family "Arial"
    Warning in strwidth(c(breaks, nodata.txt), cex = values.cex) :
     no font could be found for family "Arial"
    Warning in strwidth(c(breaks, nodata.txt), cex = values.cex) :
     no font could be found for family "Arial"
    Warning in strwidth(c(breaks, nodata.txt), cex = values.cex) :
     no font could be found for family "Arial"
    Warning in strwidth(c(breaks, nodata.txt), cex = values.cex) :
     no font could be found for family "Arial"
    Warning in strwidth(c(breaks, nodata.txt), cex = values.cex) :
     no font could be found for family "Arial"
    Warning in strwidth(title.txt, cex = title.cex) :
     no font could be found for family "Arial"
    Warning in strwidth(title.txt, cex = title.cex) :
     no font could be found for family "Arial"
    Warning in strwidth(title.txt, cex = title.cex) :
     no font could be found for family "Arial"
    Warning in strheight(title.txt, cex = title.cex) :
     no font could be found for family "Arial"
    Warning in strwidth("A") : no font could be found for family "Arial"
    Warning in strheight("A") : no font could be found for family "Arial"
    Warning in text.default(x, y, labels, col = col, ...) :
     no font could be found for family "Arial"
    Warning in text.default(x, y, labels, col = col, ...) :
     no font could be found for family "Arial"
    Warning in text.default(x, y, labels, col = col, ...) :
     no font could be found for family "Arial"
    Warning in text.default(x, y, labels, col = col, ...) :
     no font could be found for family "Arial"
    Warning in text.default(x, y, labels, col = col, ...) :
     no font could be found for family "Arial"
    Warning in text.default(x, y, labels, col = col, ...) :
     no font could be found for family "Arial"
    Warning in text.default(x, y, labels, col = col, ...) :
     no font could be found for family "Arial"
    Warning in text.default(x, y, labels, col = col, ...) :
     no font could be found for family "Arial"
    Warning in text.default(x, y, labels, col = col, ...) :
     no font could be found for family "Arial"
    Warning in text.default(x, y, labels, col = col, ...) :
     no font could be found for family "Arial"
    Warning in text.default(x, y, labels, col = col, ...) :
     no font could be found for family "Arial"
    Warning in text.default(x, y, labels, col = col, ...) :
     no font could be found for family "Arial"
    Warning in text.default(x, y, labels, col = col, ...) :
     no font could be found for family "Arial"
    Warning in text.default(x, y, labels, col = col, ...) :
     no font could be found for family "Arial"
    Warning in text.default(x, y, labels, col = col, ...) :
     no font could be found for family "Arial"
    Warning in strwidth("A") : no font could be found for family "Arial"
    Warning in strheight("A") : no font could be found for family "Arial"
    Warning in text.default(x, y, labels, col = col, ...) :
     no font could be found for family "Arial"
    Warning in text.default(x, y, labels, col = col, ...) :
     no font could be found for family "Arial"
    Warning in text.default(x, y, labels, col = col, ...) :
     no font could be found for family "Arial"
    Warning in text.default(x, y, labels, col = col, ...) :
     no font could be found for family "Arial"
    Warning in text.default(x, y, labels, col = col, ...) :
     no font could be found for family "Arial"
    Warning in text.default(x, y, labels, col = col, ...) :
     no font could be found for family "Arial"
    Warning in text.default(x, y, labels, col = col, ...) :
     no font could be found for family "Arial"
    Warning in text.default(x, y, labels, col = col, ...) :
     no font could be found for family "Arial"
    Warning in text.default(x, y, labels, col = col, ...) :
     no font could be found for family "Arial"
    Warning in text.default(x, y, labels, col = col, ...) :
     no font could be found for family "Arial"
    Warning in text.default(x, y, labels, col = col, ...) :
     no font could be found for family "Arial"
    Warning in text.default(x, y, labels, col = col, ...) :
     no font could be found for family "Arial"
    Warning in text.default(x, y, labels, col = col, ...) :
     no font could be found for family "Arial"
    Warning in text.default(x, y, labels, col = col, ...) :
     no font could be found for family "Arial"
    Warning in text.default(x, y, labels, col = col, ...) :
     no font could be found for family "Arial"
    Warning in text.default(x, y, labels, col = col, ...) :
     no font could be found for family "Arial"
    Warning in text.default(x, y, labels, col = col, ...) :
     no font could be found for family "Arial"
    Warning in text.default(x, y, labels, col = col, ...) :
     no font could be found for family "Arial"
    Warning in text.default(x, y, labels, col = col, ...) :
     no font could be found for family "Arial"
    Warning in text.default(x, y, labels, col = col, ...) :
     no font could be found for family "Arial"
    Warning in text.default(x, y, labels, col = col, ...) :
     no font could be found for family "Arial"
    Warning in text.default(x, y, labels, col = col, ...) :
     no font could be found for family "Arial"
    Warning in text.default(x, y, labels, col = col, ...) :
     no font could be found for family "Arial"
    Warning in text.default(x, y, labels, col = col, ...) :
     no font could be found for family "Arial"
    Warning in text.default(x, y, labels, col = col, ...) :
     no font could be found for family "Arial"
    Warning in text.default(x, y, labels, col = col, ...) :
     no font could be found for family "Arial"
    Warning in text.default(xscale + (size/2), yscale + inset/10, paste(labelscale, :
     no font could be found for family "Arial"
    Warning in text.default(xscale + (size/2), yscale + inset/10, paste(labelscale, :
     no font could be found for family "Arial"
    Warning in text.default(xscale + (size/2), yscale + inset/10, paste(labelscale, :
     no font could be found for family "Arial"
    Warning in text.default(xscale + (size/2), yscale + inset/10, paste(labelscale, :
     no font could be found for family "Arial"
    Warning in text.default(x = xx[1] + (xx[3] - xx[1])/2, y = yarrow, labels = azim, :
     no font could be found for family "Arial"
    Warning in text.default(x = xx[1] + (xx[3] - xx[1])/2, y = yarrow, labels = azim, :
     no font could be found for family "Arial"
    Warning in text.default(x = xx[1] + (xx[3] - xx[1])/2, y = yarrow, labels = azim, :
     no font could be found for family "Arial"
    Warning in strwidth(title, cex = size, units = "inches", font = 2) :
     no font could be found for family "Arial"
    Warning in text.default(x = x1 + delta/2, y = y1 + delta/2, labels = credit, :
     no font could be found for family "Arial"
    Warning in text.default(x = x1 + delta/2, y = y1 + delta/2, labels = credit, :
     no font could be found for family "Arial"
    Warning in text.default(x = x1 + delta/2, y = y1 + delta/2, labels = credit, :
     no font could be found for family "Arial"
    Warning in text.default(x = x1 + delta/2, y = y1 + delta/2, labels = credit, :
     no font could be found for family "Arial"
    Warning in text.default(x = x1 + delta/2, y = y1 + delta/2, labels = credit, :
     no font could be found for family "Arial"
    Warning in doTryCatch(return(expr), name, parentenv, handler) :
     no font could be found for family "Arial"
    Warning in doTryCatch(return(expr), name, parentenv, handler) :
     no font could be found for family "Arial"
    Warning in doTryCatch(return(expr), name, parentenv, handler) :
     no font could be found for family "Arial"
    Warning in doTryCatch(return(expr), name, parentenv, handler) :
     no font could be found for family "Arial"
    Warning in doTryCatch(return(expr), name, parentenv, handler) :
     no font could be found for family "Arial"
    Warning in doTryCatch(return(expr), name, parentenv, handler) :
     no font could be found for family "Arial"
    Warning in doTryCatch(return(expr), name, parentenv, handler) :
     no font could be found for family "Arial"
    Warning in doTryCatch(return(expr), name, parentenv, handler) :
     no font could be found for family "Arial"
    Warning in doTryCatch(return(expr), name, parentenv, handler) :
     no font could be found for family "Arial"
    Warning in doTryCatch(return(expr), name, parentenv, handler) :
     no font could be found for family "Arial"
    Warning in doTryCatch(return(expr), name, parentenv, handler) :
     no font could be found for family "Arial"
    Warning in doTryCatch(return(expr), name, parentenv, handler) :
     no font could be found for family "Arial"
    Warning in doTryCatch(return(expr), name, parentenv, handler) :
     no font could be found for family "Arial"
    Warning in doTryCatch(return(expr), name, parentenv, handler) :
     no font could be found for family "Arial"
    Warning in doTryCatch(return(expr), name, parentenv, handler) :
     no font could be found for family "Arial"
    Warning in doTryCatch(return(expr), name, parentenv, handler) :
     no font could be found for family "Arial"
    Warning in doTryCatch(return(expr), name, parentenv, handler) :
     no font could be found for family "Arial"
    Warning in doTryCatch(return(expr), name, parentenv, handler) :
     no font could be found for family "Arial"
    Warning in doTryCatch(return(expr), name, parentenv, handler) :
     no font could be found for family "Arial"
    Warning in doTryCatch(return(expr), name, parentenv, handler) :
     no font could be found for family "Arial"
    Warning in doTryCatch(return(expr), name, parentenv, handler) :
     no font could be found for family "Arial"
    Warning in doTryCatch(return(expr), name, parentenv, handler) :
     no font could be found for family "Arial"
    Warning in doTryCatch(return(expr), name, parentenv, handler) :
     no font could be found for family "Arial"
    Warning in doTryCatch(return(expr), name, parentenv, handler) :
     no font could be found for family "Arial"
    Warning in doTryCatch(return(expr), name, parentenv, handler) :
     no font could be found for family "Arial"
    Warning in doTryCatch(return(expr), name, parentenv, handler) :
     no font could be found for family "Arial"
    Warning in doTryCatch(return(expr), name, parentenv, handler) :
     no font could be found for family "Arial"
    Warning in doTryCatch(return(expr), name, parentenv, handler) :
     no font could be found for family "Arial"
    Warning in doTryCatch(return(expr), name, parentenv, handler) :
     no font could be found for family "Arial"
    Warning in doTryCatch(return(expr), name, parentenv, handler) :
     no font could be found for family "Arial"
    Warning in doTryCatch(return(expr), name, parentenv, handler) :
     no font could be found for family "Arial"
    Warning in doTryCatch(return(expr), name, parentenv, handler) :
     no font could be found for family "Arial"
    Warning in doTryCatch(return(expr), name, parentenv, handler) :
     no font could be found for family "Arial"
    Warning in doTryCatch(return(expr), name, parentenv, handler) :
     no font could be found for family "Arial"
    Warning in doTryCatch(return(expr), name, parentenv, handler) :
     no font could be found for family "Arial"
    Warning in doTryCatch(return(expr), name, parentenv, handler) :
     no font could be found for family "Arial"
    Warning in doTryCatch(return(expr), name, parentenv, handler) :
     no font could be found for family "Arial"
    Warning in doTryCatch(return(expr), name, parentenv, handler) :
     no font could be found for family "Arial"
    Warning in doTryCatch(return(expr), name, parentenv, handler) :
     no font could be found for family "Arial"
    Warning in doTryCatch(return(expr), name, parentenv, handler) :
     no font could be found for family "Arial"
    Warning in doTryCatch(return(expr), name, parentenv, handler) :
     no font could be found for family "Arial"
    Warning in doTryCatch(return(expr), name, parentenv, handler) :
     no font could be found for family "Arial"
    Warning in doTryCatch(return(expr), name, parentenv, handler) :
     no font could be found for family "Arial"
    Warning in doTryCatch(return(expr), name, parentenv, handler) :
     no font could be found for family "Arial"
    Warning in doTryCatch(return(expr), name, parentenv, handler) :
     no font could be found for family "Arial"
    Warning in doTryCatch(return(expr), name, parentenv, handler) :
     no font could be found for family "Arial"
    Warning in doTryCatch(return(expr), name, parentenv, handler) :
     no font could be found for family "Arial"
    Warning in doTryCatch(return(expr), name, parentenv, handler) :
     no font could be found for family "Arial"
    Warning in doTryCatch(return(expr), name, parentenv, handler) :
     no font could be found for family "Arial"
    Warning in doTryCatch(return(expr), name, parentenv, handler) :
     no font could be found for family "Arial"
    Warning in doTryCatch(return(expr), name, parentenv, handler) :
     no font could be found for family "Arial"
    Warning in doTryCatch(return(expr), name, parentenv, handler) :
     no font could be found for family "Arial"
    Warning in doTryCatch(return(expr), name, parentenv, handler) :
     no font could be found for family "Arial"
    Warning in doTryCatch(return(expr), name, parentenv, handler) :
     no font could be found for family "Arial"
    Warning in doTryCatch(return(expr), name, parentenv, handler) :
     no font could be found for family "Arial"
    Warning in doTryCatch(return(expr), name, parentenv, handler) :
     no font could be found for family "Arial"
    Warning in doTryCatch(return(expr), name, parentenv, handler) :
     no font could be found for family "Arial"
    Warning in doTryCatch(return(expr), name, parentenv, handler) :
     no font could be found for family "Arial"
    Warning in doTryCatch(return(expr), name, parentenv, handler) :
     no font could be found for family "Arial"
    Warning in doTryCatch(return(expr), name, parentenv, handler) :
     no font could be found for family "Arial"
    Warning in doTryCatch(return(expr), name, parentenv, handler) :
     no font could be found for family "Arial"
    Warning in doTryCatch(return(expr), name, parentenv, handler) :
     no font could be found for family "Arial"
    Warning in doTryCatch(return(expr), name, parentenv, handler) :
     no font could be found for family "Arial"
    Warning in doTryCatch(return(expr), name, parentenv, handler) :
     no font could be found for family "Arial"
    Warning in doTryCatch(return(expr), name, parentenv, handler) :
     no font could be found for family "Arial"
    Warning in doTryCatch(return(expr), name, parentenv, handler) :
     no font could be found for family "Arial"
    Warning in doTryCatch(return(expr), name, parentenv, handler) :
     no font could be found for family "Arial"
    Warning in doTryCatch(return(expr), name, parentenv, handler) :
     no font could be found for family "Arial"
    Warning in doTryCatch(return(expr), name, parentenv, handler) :
     no font could be found for family "Arial"
    Warning in strwidth(c(breaks, nodata.txt), cex = values.cex) :
     no font could be found for family "Arial"
    Warning in strwidth(c(breaks, nodata.txt), cex = values.cex) :
     no font could be found for family "Arial"
    Warning in strwidth(c(breaks, nodata.txt), cex = values.cex) :
     no font could be found for family "Arial"
    Warning in strwidth(c(breaks, nodata.txt), cex = values.cex) :
     no font could be found for family "Arial"
    Warning in strwidth(c(breaks, nodata.txt), cex = values.cex) :
     no font could be found for family "Arial"
    Warning in strwidth(c(breaks, nodata.txt), cex = values.cex) :
     no font could be found for family "Arial"
    Warning in strwidth(c(breaks, nodata.txt), cex = values.cex) :
     no font could be found for family "Arial"
    Warning in strwidth(title.txt, cex = title.cex) :
     no font could be found for family "Arial"
    Warning in strheight(title.txt, cex = title.cex) :
     no font could be found for family "Arial"
    Warning in text.default(xscale + (size/2), yscale + inset/10, paste(labelscale, :
     no font could be found for family "Arial"
    Warning in text.default(xscale + (size/2), yscale + inset/10, paste(labelscale, :
     no font could be found for family "Arial"
    Warning in text.default(xscale + (size/2), yscale + inset/10, paste(labelscale, :
     no font could be found for family "Arial"
    Warning in text.default(xscale + (size/2), yscale + inset/10, paste(labelscale, :
     no font could be found for family "Arial"
    Warning in text.default(x = xx[1] + (xx[3] - xx[1])/2, y = yarrow, labels = azim, :
     no font could be found for family "Arial"
    Warning in text.default(x = xx[1] + (xx[3] - xx[1])/2, y = yarrow, labels = azim, :
     no font could be found for family "Arial"
    Warning in text.default(x = xx[1] + (xx[3] - xx[1])/2, y = yarrow, labels = azim, :
     no font could be found for family "Arial"
    Warning in strwidth(title, cex = size, units = "inches", font = 2) :
     no font could be found for family "Arial"
    Warning in text.default(x = x1 + delta/2, y = y1 + delta/2, labels = credit, :
     no font could be found for family "Arial"
    Warning in text.default(x = x1 + delta/2, y = y1 + delta/2, labels = credit, :
     no font could be found for family "Arial"
    Warning in text.default(x = x1 + delta/2, y = y1 + delta/2, labels = credit, :
     no font could be found for family "Arial"
    Warning in text.default(x = x1 + delta/2, y = y1 + delta/2, labels = credit, :
     no font could be found for family "Arial"
    Warning in text.default(x = x1 + delta/2, y = y1 + delta/2, labels = credit, :
     no font could be found for family "Arial"
    Warning in doTryCatch(return(expr), name, parentenv, handler) :
     no font could be found for family "Arial"
    Warning in doTryCatch(return(expr), name, parentenv, handler) :
     no font could be found for family "Arial"
    Warning in doTryCatch(return(expr), name, parentenv, handler) :
     no font could be found for family "Arial"
    Warning in doTryCatch(return(expr), name, parentenv, handler) :
     no font could be found for family "Arial"
    Warning in doTryCatch(return(expr), name, parentenv, handler) :
     no font could be found for family "Arial"
    Warning in doTryCatch(return(expr), name, parentenv, handler) :
     no font could be found for family "Arial"
    Warning in doTryCatch(return(expr), name, parentenv, handler) :
     no font could be found for family "Arial"
    Warning in doTryCatch(return(expr), name, parentenv, handler) :
     no font could be found for family "Arial"
    Warning in doTryCatch(return(expr), name, parentenv, handler) :
     no font could be found for family "Arial"
    Warning in doTryCatch(return(expr), name, parentenv, handler) :
     no font could be found for family "Arial"
    Warning in doTryCatch(return(expr), name, parentenv, handler) :
     no font could be found for family "Arial"
    Warning in doTryCatch(return(expr), name, parentenv, handler) :
     no font could be found for family "Arial"
    Warning in doTryCatch(return(expr), name, parentenv, handler) :
     no font could be found for family "Arial"
    Warning in doTryCatch(return(expr), name, parentenv, handler) :
     no font could be found for family "Arial"
    Warning in doTryCatch(return(expr), name, parentenv, handler) :
     no font could be found for family "Arial"
    Warning in doTryCatch(return(expr), name, parentenv, handler) :
     no font could be found for family "Arial"
    Warning in doTryCatch(return(expr), name, parentenv, handler) :
     no font could be found for family "Arial"
    Warning in doTryCatch(return(expr), name, parentenv, handler) :
     no font could be found for family "Arial"
    Warning in doTryCatch(return(expr), name, parentenv, handler) :
     no font could be found for family "Arial"
    Warning in doTryCatch(return(expr), name, parentenv, handler) :
     no font could be found for family "Arial"
    Warning in doTryCatch(return(expr), name, parentenv, handler) :
     no font could be found for family "Arial"
    Warning in doTryCatch(return(expr), name, parentenv, handler) :
     no font could be found for family "Arial"
    Warning in axis(side = side, at = at, labels = labels, ...) :
     no font could be found for family "Arial"
    Warning in axis(side = side, at = at, labels = labels, ...) :
     no font could be found for family "Arial"
    Warning in axis(side = side, at = at, labels = labels, ...) :
     no font could be found for family "Arial"
    Warning in axis(side = side, at = at, labels = labels, ...) :
     no font could be found for family "Arial"
    Warning in axis(side = side, at = at, labels = labels, ...) :
     no font could be found for family "Arial"
    Warning in axis(side = side, at = at, labels = labels, ...) :
     no font could be found for family "Arial"
    Warning in axis(side = side, at = at, labels = labels, ...) :
     no font could be found for family "Arial"
    Warning in axis(side = side, at = at, labels = labels, ...) :
     no font could be found for family "Arial"
    Warning in axis(side = side, at = at, labels = labels, ...) :
     no font could be found for family "Arial"
    Warning in axis(side = side, at = at, labels = labels, ...) :
     no font could be found for family "Arial"
    Warning in axis(side = side, at = at, labels = labels, ...) :
     no font could be found for family "Arial"
    Warning in axis(side = side, at = at, labels = labels, ...) :
     no font could be found for family "Arial"
    Warning in axis(side = side, at = at, labels = labels, ...) :
     no font could be found for family "Arial"
    Warning in axis(side = side, at = at, labels = labels, ...) :
     no font could be found for family "Arial"
    Warning in axis(side = side, at = at, labels = labels, ...) :
     no font could be found for family "Arial"
    Warning in axis(side = side, at = at, labels = labels, ...) :
     no font could be found for family "Arial"
    Warning in axis(side = side, at = at, labels = labels, ...) :
     no font could be found for family "Arial"
    Warning in axis(side = side, at = at, labels = labels, ...) :
     no font could be found for family "Arial"
    Warning in axis(side = side, at = at, labels = labels, ...) :
     no font could be found for family "Arial"
    Warning in axis(side = side, at = at, labels = labels, ...) :
     no font could be found for family "Arial"
    Warning in axis(side = side, at = at, labels = labels, ...) :
     no font could be found for family "Arial"
    Warning in axis(side = side, at = at, labels = labels, ...) :
     no font could be found for family "Arial"
    Warning in axis(side = side, at = at, labels = labels, ...) :
     no font could be found for family "Arial"
    Warning in axis(side = side, at = at, labels = labels, ...) :
     no font could be found for family "Arial"
    Warning in axis(side = side, at = at, labels = labels, ...) :
     no font could be found for family "Arial"
    Warning in axis(side = side, at = at, labels = labels, ...) :
     no font could be found for family "Arial"
    Warning in axis(side = side, at = at, labels = labels, ...) :
     no font could be found for family "Arial"
    Warning in axis(side = side, at = at, labels = labels, ...) :
     no font could be found for family "Arial"
    Warning in axis(side = side, at = at, labels = labels, ...) :
     no font could be found for family "Arial"
    Warning in axis(side = side, at = at, labels = labels, ...) :
     no font could be found for family "Arial"
    Warning in axis(side = side, at = at, labels = labels, ...) :
     no font could be found for family "Arial"
    Warning in axis(side = side, at = at, labels = labels, ...) :
     no font could be found for family "Arial"
    Warning in axis(side = side, at = at, labels = labels, ...) :
     no font could be found for family "Arial"
    Warning in axis(side = side, at = at, labels = labels, ...) :
     no font could be found for family "Arial"
    Warning in axis(side = side, at = at, labels = labels, ...) :
     no font could be found for family "Arial"
    Warning in axis(side = side, at = at, labels = labels, ...) :
     no font could be found for family "Arial"
    Warning in axis(side = side, at = at, labels = labels, ...) :
     no font could be found for family "Arial"
    Warning in axis(side = side, at = at, labels = labels, ...) :
     no font could be found for family "Arial"
    Warning in axis(side = side, at = at, labels = labels, ...) :
     no font could be found for family "Arial"
    Warning in title(...) : no font could be found for family "Arial"
    Warning in title(...) : no font could be found for family "Arial"
    Warning in title(...) : no font could be found for family "Arial"
    Warning in title(...) : no font could be found for family "Arial"
    Warning in title(...) : no font could be found for family "Arial"
    Warning in text.default(y = xy[, "cumX"], x = xy[, "cumY"], label = paste(round(xy[, :
     no font could be found for family "Arial"
    Warning in text.default(y = xy[, "cumX"], x = xy[, "cumY"], label = paste(round(xy[, :
     no font could be found for family "Arial"
    Warning in text.default(y = xy[, "cumX"], x = xy[, "cumY"], label = paste(round(xy[, :
     no font could be found for family "Arial"
    Warning in text.default(y = xy[, "cumX"], x = xy[, "cumY"], label = paste(round(xy[, :
     no font could be found for family "Arial"
    Warning in text.default(y = xy[, "cumX"], x = xy[, "cumY"], label = paste(round(xy[, :
     no font could be found for family "Arial"
    Warning in doTryCatch(return(expr), name, parentenv, handler) :
     no font could be found for family "Arial"
    Warning in doTryCatch(return(expr), name, parentenv, handler) :
     no font could be found for family "Arial"
    Warning in doTryCatch(return(expr), name, parentenv, handler) :
     no font could be found for family "Arial"
    Warning in doTryCatch(return(expr), name, parentenv, handler) :
     no font could be found for family "Arial"
    Warning in doTryCatch(return(expr), name, parentenv, handler) :
     no font could be found for family "Arial"
    Warning in doTryCatch(return(expr), name, parentenv, handler) :
     no font could be found for family "Arial"
    Warning in doTryCatch(return(expr), name, parentenv, handler) :
     no font could be found for family "Arial"
    Warning in doTryCatch(return(expr), name, parentenv, handler) :
     no font could be found for family "Arial"
    Warning in doTryCatch(return(expr), name, parentenv, handler) :
     no font could be found for family "Arial"
    Warning in doTryCatch(return(expr), name, parentenv, handler) :
     no font could be found for family "Arial"
    Warning in doTryCatch(return(expr), name, parentenv, handler) :
     no font could be found for family "Arial"
    Warning in doTryCatch(return(expr), name, parentenv, handler) :
     no font could be found for family "Arial"
    Warning in doTryCatch(return(expr), name, parentenv, handler) :
     no font could be found for family "Arial"
    Warning in doTryCatch(return(expr), name, parentenv, handler) :
     no font could be found for family "Arial"
    Warning in doTryCatch(return(expr), name, parentenv, handler) :
     no font could be found for family "Arial"
    Warning in doTryCatch(return(expr), name, parentenv, handler) :
     no font could be found for family "Arial"
    Warning in doTryCatch(return(expr), name, parentenv, handler) :
     no font could be found for family "Arial"
    Warning in doTryCatch(return(expr), name, parentenv, handler) :
     no font could be found for family "Arial"
    Warning in doTryCatch(return(expr), name, parentenv, handler) :
     no font could be found for family "Arial"
    Warning in doTryCatch(return(expr), name, parentenv, handler) :
     no font could be found for family "Arial"
    Warning in doTryCatch(return(expr), name, parentenv, handler) :
     no font could be found for family "Arial"
    Warning in doTryCatch(return(expr), name, parentenv, handler) :
     no font could be found for family "Arial"
    Warning in doTryCatch(return(expr), name, parentenv, handler) :
     no font could be found for family "Arial"
    Warning in doTryCatch(return(expr), name, parentenv, handler) :
     no font could be found for family "Arial"
    Warning in doTryCatch(return(expr), name, parentenv, handler) :
     no font could be found for family "Arial"
    Warning in doTryCatch(return(expr), name, parentenv, handler) :
     no font could be found for family "Arial"
    Warning in doTryCatch(return(expr), name, parentenv, handler) :
     no font could be found for family "Arial"
    Warning in doTryCatch(return(expr), name, parentenv, handler) :
     no font could be found for family "Arial"
    Warning in doTryCatch(return(expr), name, parentenv, handler) :
     no font could be found for family "Arial"
    Warning in doTryCatch(return(expr), name, parentenv, handler) :
     no font could be found for family "Arial"
    Warning in doTryCatch(return(expr), name, parentenv, handler) :
     no font could be found for family "Arial"
    Warning in doTryCatch(return(expr), name, parentenv, handler) :
     no font could be found for family "Arial"
    Warning in doTryCatch(return(expr), name, parentenv, handler) :
     no font could be found for family "Arial"
    Warning in doTryCatch(return(expr), name, parentenv, handler) :
     no font could be found for family "Arial"
    Warning in doTryCatch(return(expr), name, parentenv, handler) :
     no font could be found for family "Arial"
    Warning in doTryCatch(return(expr), name, parentenv, handler) :
     no font could be found for family "Arial"
    Warning in doTryCatch(return(expr), name, parentenv, handler) :
     no font could be found for family "Arial"
    Warning in doTryCatch(return(expr), name, parentenv, handler) :
     no font could be found for family "Arial"
    Warning in doTryCatch(return(expr), name, parentenv, handler) :
     no font could be found for family "Arial"
    Warning in doTryCatch(return(expr), name, parentenv, handler) :
     no font could be found for family "Arial"
    Warning in doTryCatch(return(expr), name, parentenv, handler) :
     no font could be found for family "Arial"
    Warning in doTryCatch(return(expr), name, parentenv, handler) :
     no font could be found for family "Arial"
    Warning in doTryCatch(return(expr), name, parentenv, handler) :
     no font could be found for family "Arial"
    Warning in doTryCatch(return(expr), name, parentenv, handler) :
     no font could be found for family "Arial"
    Warning in doTryCatch(return(expr), name, parentenv, handler) :
     no font could be found for family "Arial"
    Warning in doTryCatch(return(expr), name, parentenv, handler) :
     no font could be found for family "Arial"
    Warning in doTryCatch(return(expr), name, parentenv, handler) :
     no font could be found for family "Arial"
    Warning in doTryCatch(return(expr), name, parentenv, handler) :
     no font could be found for family "Arial"
    Warning in doTryCatch(return(expr), name, parentenv, handler) :
     no font could be found for family "Arial"
    Warning in strwidth(c(breaks, nodata.txt), cex = values.cex) :
     no font could be found for family "Arial"
    Warning in strwidth(c(breaks, nodata.txt), cex = values.cex) :
     no font could be found for family "Arial"
    Warning in strwidth(c(breaks, nodata.txt), cex = values.cex) :
     no font could be found for family "Arial"
    Warning in strwidth(c(breaks, nodata.txt), cex = values.cex) :
     no font could be found for family "Arial"
    Warning in strwidth(c(breaks, nodata.txt), cex = values.cex) :
     no font could be found for family "Arial"
    Warning in strwidth(c(breaks, nodata.txt), cex = values.cex) :
     no font could be found for family "Arial"
    Warning in strwidth(c(breaks, nodata.txt), cex = values.cex) :
     no font could be found for family "Arial"
    Warning in strwidth(title.txt, cex = title.cex) :
     no font could be found for family "Arial"
    Warning in strheight(title.txt, cex = title.cex) :
     no font could be found for family "Arial"
    Warning in strwidth("A") : no font could be found for family "Arial"
    Warning in strheight("A") : no font could be found for family "Arial"
    Warning in text.default(x, y, labels, col = col, ...) :
     no font could be found for family "Arial"
    Warning in text.default(x, y, labels, col = col, ...) :
     no font could be found for family "Arial"
    Warning in text.default(x, y, labels, col = col, ...) :
     no font could be found for family "Arial"
    Warning in text.default(x, y, labels, col = col, ...) :
     no font could be found for family "Arial"
    Warning in text.default(x, y, labels, col = col, ...) :
     no font could be found for family "Arial"
    Warning in text.default(x, y, labels, col = col, ...) :
     no font could be found for family "Arial"
    Warning in text.default(x, y, labels, col = col, ...) :
     no font could be found for family "Arial"
    Warning in text.default(x, y, labels, col = col, ...) :
     no font could be found for family "Arial"
    Warning in text.default(x, y, labels, col = col, ...) :
     no font could be found for family "Arial"
    Warning in text.default(x, y, labels, col = col, ...) :
     no font could be found for family "Arial"
    Warning in text.default(x, y, labels, col = col, ...) :
     no font could be found for family "Arial"
    Warning in text.default(x, y, labels, col = col, ...) :
     no font could be found for family "Arial"
    Warning in text.default(x, y, labels, col = col, ...) :
     no font could be found for family "Arial"
    Warning in text.default(x, y, labels, col = col, ...) :
     no font could be found for family "Arial"
    Warning in text.default(x, y, labels, col = col, ...) :
     no font could be found for family "Arial"
    Warning in text.default(x, y, labels, col = col, ...) :
     no font could be found for family "Arial"
    Warning in text.default(x, y, labels, col = col, ...) :
     no font could be found for family "Arial"
    Warning in text.default(x, y, labels, col = col, ...) :
     no font could be found for family "Arial"
    Warning in text.default(x, y, labels, col = col, ...) :
     no font could be found for family "Arial"
    Warning in text.default(x, y, labels, col = col, ...) :
     no font could be found for family "Arial"
    Warning in text.default(x, y, labels, col = col, ...) :
     no font could be found for family "Arial"
    Warning in text.default(x, y, labels, col = col, ...) :
     no font could be found for family "Arial"
    Warning in text.default(x, y, labels, col = col, ...) :
     no font could be found for family "Arial"
    Warning in text.default(x, y, labels, col = col, ...) :
     no font could be found for family "Arial"
    Warning in text.default(x, y, labels, col = col, ...) :
     no font could be found for family "Arial"
    Warning in text.default(x, y, labels, col = col, ...) :
     no font could be found for family "Arial"
    Warning in text.default(x, y, labels, col = col, ...) :
     no font could be found for family "Arial"
    Warning in text.default(x, y, labels, col = col, ...) :
     no font could be found for family "Arial"
    Warning in text.default(x, y, labels, col = col, ...) :
     no font could be found for family "Arial"
    Warning in text.default(x, y, labels, col = col, ...) :
     no font could be found for family "Arial"
    Warning in text.default(x, y, labels, col = col, ...) :
     no font could be found for family "Arial"
    Warning in text.default(x, y, labels, col = col, ...) :
     no font could be found for family "Arial"
    Warning in text.default(x, y, labels, col = col, ...) :
     no font could be found for family "Arial"
    Warning in text.default(x, y, labels, col = col, ...) :
     no font could be found for family "Arial"
    Warning in text.default(x, y, labels, col = col, ...) :
     no font could be found for family "Arial"
    Warning in text.default(x, y, labels, col = col, ...) :
     no font could be found for family "Arial"
    Warning in text.default(x, y, labels, col = col, ...) :
     no font could be found for family "Arial"
    Warning in text.default(x, y, labels, col = col, ...) :
     no font could be found for family "Arial"
    Warning in text.default(x, y, labels, col = col, ...) :
     no font could be found for family "Arial"
    Warning in text.default(x, y, labels, col = col, ...) :
     no font could be found for family "Arial"
    Warning in text.default(x, y, labels, col = col, ...) :
     no font could be found for family "Arial"
    Warning in text.default(x, y, labels, col = col, ...) :
     no font could be found for family "Arial"
    Warning in text.default(x, y, labels, col = col, ...) :
     no font could be found for family "Arial"
    Warning in text.default(x, y, labels, col = col, ...) :
     no font could be found for family "Arial"
    Warning in text.default(xscale + (size/2), yscale + inset/10, paste(labelscale, :
     no font could be found for family "Arial"
    Warning in text.default(xscale + (size/2), yscale + inset/10, paste(labelscale, :
     no font could be found for family "Arial"
    Warning in text.default(xscale + (size/2), yscale + inset/10, paste(labelscale, :
     no font could be found for family "Arial"
    Warning in text.default(xscale + (size/2), yscale + inset/10, paste(labelscale, :
     no font could be found for family "Arial"
    Warning in text.default(x = xx[1] + (xx[3] - xx[1])/2, y = yarrow, labels = azim, :
     no font could be found for family "Arial"
    Warning in text.default(x = xx[1] + (xx[3] - xx[1])/2, y = yarrow, labels = azim, :
     no font could be found for family "Arial"
    Warning in text.default(x = xx[1] + (xx[3] - xx[1])/2, y = yarrow, labels = azim, :
     no font could be found for family "Arial"
    Warning in strwidth(title, cex = size, units = "inches", font = 2) :
     no font could be found for family "Arial"
    Warning in text.default(x = x1 + delta/2, y = y1 + delta/2, labels = credit, :
     no font could be found for family "Arial"
    Warning in text.default(x = x1 + delta/2, y = y1 + delta/2, labels = credit, :
     no font could be found for family "Arial"
    Warning in text.default(x = x1 + delta/2, y = y1 + delta/2, labels = credit, :
     no font could be found for family "Arial"
    Warning in text.default(x = x1 + delta/2, y = y1 + delta/2, labels = credit, :
     no font could be found for family "Arial"
    Warning in text.default(x = x1 + delta/2, y = y1 + delta/2, labels = credit, :
     no font could be found for family "Arial"
    Warning in doTryCatch(return(expr), name, parentenv, handler) :
     no font could be found for family "Arial"
    Warning in doTryCatch(return(expr), name, parentenv, handler) :
     no font could be found for family "Arial"
    Warning in doTryCatch(return(expr), name, parentenv, handler) :
     no font could be found for family "Arial"
    Warning in doTryCatch(return(expr), name, parentenv, handler) :
     no font could be found for family "Arial"
    Warning in doTryCatch(return(expr), name, parentenv, handler) :
     no font could be found for family "Arial"
    Warning in doTryCatch(return(expr), name, parentenv, handler) :
     no font could be found for family "Arial"
    Warning in doTryCatch(return(expr), name, parentenv, handler) :
     no font could be found for family "Arial"
    Warning in doTryCatch(return(expr), name, parentenv, handler) :
     no font could be found for family "Arial"
    Warning in doTryCatch(return(expr), name, parentenv, handler) :
     no font could be found for family "Arial"
    Warning in doTryCatch(return(expr), name, parentenv, handler) :
     no font could be found for family "Arial"
    Warning in doTryCatch(return(expr), name, parentenv, handler) :
     no font could be found for family "Arial"
    Warning in doTryCatch(return(expr), name, parentenv, handler) :
     no font could be found for family "Arial"
    Warning in doTryCatch(return(expr), name, parentenv, handler) :
     no font could be found for family "Arial"
    Warning in doTryCatch(return(expr), name, parentenv, handler) :
     no font could be found for family "Arial"
    Warning in doTryCatch(return(expr), name, parentenv, handler) :
     no font could be found for family "Arial"
    Warning in doTryCatch(return(expr), name, parentenv, handler) :
     no font could be found for family "Arial"
    Warning in doTryCatch(return(expr), name, parentenv, handler) :
     no font could be found for family "Arial"
    Warning in doTryCatch(return(expr), name, parentenv, handler) :
     no font could be found for family "Arial"
    Warning in doTryCatch(return(expr), name, parentenv, handler) :
     no font could be found for family "Arial"
    Warning in doTryCatch(return(expr), name, parentenv, handler) :
     no font could be found for family "Arial"
    Warning in doTryCatch(return(expr), name, parentenv, handler) :
     no font could be found for family "Arial"
    Warning in doTryCatch(return(expr), name, parentenv, handler) :
     no font could be found for family "Arial"
    Warning in doTryCatch(return(expr), name, parentenv, handler) :
     no font could be found for family "Arial"
    Warning in doTryCatch(return(expr), name, parentenv, handler) :
     no font could be found for family "Arial"
    Warning in doTryCatch(return(expr), name, parentenv, handler) :
     no font could be found for family "Arial"
    Warning in doTryCatch(return(expr), name, parentenv, handler) :
     no font could be found for family "Arial"
    Warning in doTryCatch(return(expr), name, parentenv, handler) :
     no font could be found for family "Arial"
    Warning in doTryCatch(return(expr), name, parentenv, handler) :
     no font could be found for family "Arial"
    Warning in doTryCatch(return(expr), name, parentenv, handler) :
     no font could be found for family "Arial"
    Warning in doTryCatch(return(expr), name, parentenv, handler) :
     no font could be found for family "Arial"
    Warning in doTryCatch(return(expr), name, parentenv, handler) :
     no font could be found for family "Arial"
    Warning in doTryCatch(return(expr), name, parentenv, handler) :
     no font could be found for family "Arial"
    Warning in doTryCatch(return(expr), name, parentenv, handler) :
     no font could be found for family "Arial"
    Warning in doTryCatch(return(expr), name, parentenv, handler) :
     no font could be found for family "Arial"
    Warning in doTryCatch(return(expr), name, parentenv, handler) :
     no font could be found for family "Arial"
    Warning in doTryCatch(return(expr), name, parentenv, handler) :
     no font could be found for family "Arial"
    Warning in doTryCatch(return(expr), name, parentenv, handler) :
     no font could be found for family "Arial"
    Warning in doTryCatch(return(expr), name, parentenv, handler) :
     no font could be found for family "Arial"
    Warning in doTryCatch(return(expr), name, parentenv, handler) :
     no font could be found for family "Arial"
    Warning in doTryCatch(return(expr), name, parentenv, handler) :
     no font could be found for family "Arial"
    Warning in doTryCatch(return(expr), name, parentenv, handler) :
     no font could be found for family "Arial"
    Warning in doTryCatch(return(expr), name, parentenv, handler) :
     no font could be found for family "Arial"
    Warning in doTryCatch(return(expr), name, parentenv, handler) :
     no font could be found for family "Arial"
    Warning in doTryCatch(return(expr), name, parentenv, handler) :
     no font could be found for family "Arial"
    Warning in doTryCatch(return(expr), name, parentenv, handler) :
     no font could be found for family "Arial"
    Warning in doTryCatch(return(expr), name, parentenv, handler) :
     no font could be found for family "Arial"
    Warning in doTryCatch(return(expr), name, parentenv, handler) :
     no font could be found for family "Arial"
    Warning in doTryCatch(return(expr), name, parentenv, handler) :
     no font could be found for family "Arial"
    Warning in doTryCatch(return(expr), name, parentenv, handler) :
     no font could be found for family "Arial"
    Warning in doTryCatch(return(expr), name, parentenv, handler) :
     no font could be found for family "Arial"
    Warning in doTryCatch(return(expr), name, parentenv, handler) :
     no font could be found for family "Arial"
    Warning in doTryCatch(return(expr), name, parentenv, handler) :
     no font could be found for family "Arial"
    Warning in doTryCatch(return(expr), name, parentenv, handler) :
     no font could be found for family "Arial"
    Warning in doTryCatch(return(expr), name, parentenv, handler) :
     no font could be found for family "Arial"
    Warning in doTryCatch(return(expr), name, parentenv, handler) :
     no font could be found for family "Arial"
    Warning in doTryCatch(return(expr), name, parentenv, handler) :
     no font could be found for family "Arial"
    Warning in doTryCatch(return(expr), name, parentenv, handler) :
     no font could be found for family "Arial"
    Warning in doTryCatch(return(expr), name, parentenv, handler) :
     no font could be found for family "Arial"
    Warning in doTryCatch(return(expr), name, parentenv, handler) :
     no font could be found for family "Arial"
    Warning in doTryCatch(return(expr), name, parentenv, handler) :
     no font could be found for family "Arial"
    Warning in doTryCatch(return(expr), name, parentenv, handler) :
     no font could be found for family "Arial"
    Warning in doTryCatch(return(expr), name, parentenv, handler) :
     no font could be found for family "Arial"
    Warning in doTryCatch(return(expr), name, parentenv, handler) :
     no font could be found for family "Arial"
    Warning in doTryCatch(return(expr), name, parentenv, handler) :
     no font could be found for family "Arial"
    Warning in doTryCatch(return(expr), name, parentenv, handler) :
     no font could be found for family "Arial"
    Warning in doTryCatch(return(expr), name, parentenv, handler) :
     no font could be found for family "Arial"
    Warning in doTryCatch(return(expr), name, parentenv, handler) :
     no font could be found for family "Arial"
    Warning in doTryCatch(return(expr), name, parentenv, handler) :
     no font could be found for family "Arial"
    Warning in axis(side = base::quote(1), at = base::quote(1:12), labels = base::quote(c("T6", :
     no font could be found for family "Arial"
    Warning in axis(side = base::quote(1), at = base::quote(1:12), labels = base::quote(c("T6", :
     no font could be found for family "Arial"
    Warning in axis(side = base::quote(1), at = base::quote(1:12), labels = base::quote(c("T6", :
     no font could be found for family "Arial"
    Warning in axis(side = base::quote(1), at = base::quote(1:12), labels = base::quote(c("T6", :
     no font could be found for family "Arial"
    Warning in axis(side = base::quote(1), at = base::quote(1:12), labels = base::quote(c("T6", :
     no font could be found for family "Arial"
    Warning in axis(side = base::quote(1), at = base::quote(1:12), labels = base::quote(c("T6", :
     no font could be found for family "Arial"
    Warning in axis(side = base::quote(1), at = base::quote(1:12), labels = base::quote(c("T6", :
     no font could be found for family "Arial"
    Warning in axis(side = base::quote(1), at = base::quote(1:12), labels = base::quote(c("T6", :
     no font could be found for family "Arial"
    Warning in axis(side = base::quote(1), at = base::quote(1:12), labels = base::quote(c("T6", :
     no font could be found for family "Arial"
    Warning in axis(side = base::quote(1), at = base::quote(1:12), labels = base::quote(c("T6", :
     no font could be found for family "Arial"
    Warning in axis(side = base::quote(1), at = base::quote(1:12), labels = base::quote(c("T6", :
     no font could be found for family "Arial"
    Warning in axis(side = base::quote(1), at = base::quote(1:12), labels = base::quote(c("T6", :
     no font could be found for family "Arial"
    Warning in axis(side = base::quote(1), at = base::quote(1:12), labels = base::quote(c("T6", :
     no font could be found for family "Arial"
    Warning in axis(side = base::quote(1), at = base::quote(1:12), labels = base::quote(c("T6", :
     no font could be found for family "Arial"
    Warning in axis(side = base::quote(1), at = base::quote(1:12), labels = base::quote(c("T6", :
     no font could be found for family "Arial"
    Warning in axis(side = base::quote(1), at = base::quote(1:12), labels = base::quote(c("T6", :
     no font could be found for family "Arial"
    Warning in axis(side = base::quote(1), at = base::quote(1:12), labels = base::quote(c("T6", :
     no font could be found for family "Arial"
    Warning in axis(side = base::quote(1), at = base::quote(1:12), labels = base::quote(c("T6", :
     no font could be found for family "Arial"
    Warning in axis(side = base::quote(1), at = base::quote(1:12), labels = base::quote(c("T6", :
     no font could be found for family "Arial"
    Warning in axis(side = base::quote(1), at = base::quote(1:12), labels = base::quote(c("T6", :
     no font could be found for family "Arial"
    Warning in axis(side = base::quote(1), at = base::quote(1:12), labels = base::quote(c("T6", :
     no font could be found for family "Arial"
    Warning in axis(side = base::quote(1), at = base::quote(1:12), labels = base::quote(c("T6", :
     no font could be found for family "Arial"
    Warning in axis(side = base::quote(1), at = base::quote(1:12), labels = base::quote(c("T6", :
     no font could be found for family "Arial"
    Warning in axis(side = base::quote(1), at = base::quote(1:12), labels = base::quote(c("T6", :
     no font could be found for family "Arial"
    Warning in axis(side = base::quote(1), at = base::quote(1:12), labels = base::quote(c("T6", :
     no font could be found for family "Arial"
    Warning in axis(side = base::quote(1), at = base::quote(1:12), labels = base::quote(c("T6", :
     no font could be found for family "Arial"
    Warning in axis(side = base::quote(1), at = base::quote(1:12), labels = base::quote(c("T6", :
     no font could be found for family "Arial"
    Warning in axis(side = base::quote(1), at = base::quote(1:12), labels = base::quote(c("T6", :
     no font could be found for family "Arial"
    Warning in axis(side = base::quote(1), at = base::quote(1:12), labels = base::quote(c("T6", :
     no font could be found for family "Arial"
    Warning in axis(side = base::quote(1), at = base::quote(1:12), labels = base::quote(c("T6", :
     no font could be found for family "Arial"
    Warning in axis(side = base::quote(1), at = base::quote(1:12), labels = base::quote(c("T6", :
     no font could be found for family "Arial"
    Warning in axis(side = base::quote(1), at = base::quote(1:12), labels = base::quote(c("T6", :
     no font could be found for family "Arial"
    Warning in axis(side = base::quote(1), at = base::quote(1:12), labels = base::quote(c("T6", :
     no font could be found for family "Arial"
    Warning in axis(side = base::quote(1), at = base::quote(1:12), labels = base::quote(c("T6", :
     no font could be found for family "Arial"
    Warning in axis(side = base::quote(1), at = base::quote(1:12), labels = base::quote(c("T6", :
     no font could be found for family "Arial"
    Warning in axis(side = base::quote(1), at = base::quote(1:12), labels = base::quote(c("T6", :
     no font could be found for family "Arial"
    Warning in axis(side = base::quote(1), at = base::quote(1:12), labels = base::quote(c("T6", :
     no font could be found for family "Arial"
    Warning in axis(side = base::quote(1), at = base::quote(1:12), labels = base::quote(c("T6", :
     no font could be found for family "Arial"
    Warning in (function (main = NULL, sub = NULL, xlab = NULL, ylab = NULL, :
     no font could be found for family "Arial"
    Warning in (function (main = NULL, sub = NULL, xlab = NULL, ylab = NULL, :
     no font could be found for family "Arial"
    Warning in (function (main = NULL, sub = NULL, xlab = NULL, ylab = NULL, :
     no font could be found for family "Arial"
    Warning in (function (main = NULL, sub = NULL, xlab = NULL, ylab = NULL, :
     no font could be found for family "Arial"
    Warning in (function (main = NULL, sub = NULL, xlab = NULL, ylab = NULL, :
     no font could be found for family "Arial"
    Warning in strwidth(legend, units = "user", cex = cex, font = text.font) :
     no font could be found for family "Arial"
    Warning in strwidth(legend, units = "user", cex = cex, font = text.font) :
     no font could be found for family "Arial"
    Warning in strwidth(legend, units = "user", cex = cex, font = text.font) :
     no font could be found for family "Arial"
    Warning in strwidth(legend, units = "user", cex = cex, font = text.font) :
     no font could be found for family "Arial"
    Warning in strwidth(legend, units = "user", cex = cex, font = text.font) :
     no font could be found for family "Arial"
    Warning in strwidth(legend, units = "user", cex = cex, font = text.font) :
     no font could be found for family "Arial"
    Warning in strwidth(legend, units = "user", cex = cex, font = text.font) :
     no font could be found for family "Arial"
    Warning in strwidth(legend, units = "user", cex = cex, font = text.font) :
     no font could be found for family "Arial"
    Warning in strwidth(legend, units = "user", cex = cex, font = text.font) :
     no font could be found for family "Arial"
    Warning in strwidth(legend, units = "user", cex = cex, font = text.font) :
     no font could be found for family "Arial"
    Warning in strwidth(legend, units = "user", cex = cex, font = text.font) :
     no font could be found for family "Arial"
    Warning in strwidth(legend, units = "user", cex = cex, font = text.font) :
     no font could be found for family "Arial"
    Warning in strheight(legend, units = "user", cex = cex) :
     no font could be found for family "Arial"
    Warning in strwidth(title, units = "user", cex = cex) :
     no font could be found for family "Arial"
    Warning in doTryCatch(return(expr), name, parentenv, handler) :
     no font could be found for family "Arial"
    Warning in doTryCatch(return(expr), name, parentenv, handler) :
     no font could be found for family "Arial"
    Warning in doTryCatch(return(expr), name, parentenv, handler) :
     no font could be found for family "Arial"
    Warning in doTryCatch(return(expr), name, parentenv, handler) :
     no font could be found for family "Arial"
    Warning in doTryCatch(return(expr), name, parentenv, handler) :
     no font could be found for family "Arial"
    Warning in doTryCatch(return(expr), name, parentenv, handler) :
     no font could be found for family "Arial"
    Warning in doTryCatch(return(expr), name, parentenv, handler) :
     no font could be found for family "Arial"
    Warning in doTryCatch(return(expr), name, parentenv, handler) :
     no font could be found for family "Arial"
    Warning in doTryCatch(return(expr), name, parentenv, handler) :
     no font could be found for family "Arial"
    Warning in doTryCatch(return(expr), name, parentenv, handler) :
     no font could be found for family "Arial"
    Warning in doTryCatch(return(expr), name, parentenv, handler) :
     no font could be found for family "Arial"
    Warning in doTryCatch(return(expr), name, parentenv, handler) :
     no font could be found for family "Arial"
    Warning in doTryCatch(return(expr), name, parentenv, handler) :
     no font could be found for family "Arial"
    Warning in doTryCatch(return(expr), name, parentenv, handler) :
     no font could be found for family "Arial"
    Warning in doTryCatch(return(expr), name, parentenv, handler) :
     no font could be found for family "Arial"
    Warning in doTryCatch(return(expr), name, parentenv, handler) :
     no font could be found for family "Arial"
    Warning in doTryCatch(return(expr), name, parentenv, handler) :
     no font could be found for family "Arial"
    Warning in doTryCatch(return(expr), name, parentenv, handler) :
     no font could be found for family "Arial"
    Warning in doTryCatch(return(expr), name, parentenv, handler) :
     no font could be found for family "Arial"
    Warning in doTryCatch(return(expr), name, parentenv, handler) :
     no font could be found for family "Arial"
    Warning in doTryCatch(return(expr), name, parentenv, handler) :
     no font could be found for family "Arial"
    Warning in doTryCatch(return(expr), name, parentenv, handler) :
     no font could be found for family "Arial"
    Warning in doTryCatch(return(expr), name, parentenv, handler) :
     no font could be found for family "Arial"
    Warning in doTryCatch(return(expr), name, parentenv, handler) :
     no font could be found for family "Arial"
    Warning in doTryCatch(return(expr), name, parentenv, handler) :
     no font could be found for family "Arial"
    Warning in doTryCatch(return(expr), name, parentenv, handler) :
     no font could be found for family "Arial"
    Warning in doTryCatch(return(expr), name, parentenv, handler) :
     no font could be found for family "Arial"
    Warning in doTryCatch(return(expr), name, parentenv, handler) :
     no font could be found for family "Arial"
    Warning in doTryCatch(return(expr), name, parentenv, handler) :
     no font could be found for family "Arial"
    Warning in doTryCatch(return(expr), name, parentenv, handler) :
     no font could be found for family "Arial"
    Warning in doTryCatch(return(expr), name, parentenv, handler) :
     no font could be found for family "Arial"
    Warning in doTryCatch(return(expr), name, parentenv, handler) :
     no font could be found for family "Arial"
    Warning in doTryCatch(return(expr), name, parentenv, handler) :
     no font could be found for family "Arial"
    Warning in doTryCatch(return(expr), name, parentenv, handler) :
     no font could be found for family "Arial"
    Warning in doTryCatch(return(expr), name, parentenv, handler) :
     no font could be found for family "Arial"
    Warning in doTryCatch(return(expr), name, parentenv, handler) :
     no font could be found for family "Arial"
    Warning in doTryCatch(return(expr), name, parentenv, handler) :
     no font could be found for family "Arial"
    Warning in doTryCatch(return(expr), name, parentenv, handler) :
     no font could be found for family "Arial"
    Warning in doTryCatch(return(expr), name, parentenv, handler) :
     no font could be found for family "Arial"
    Warning in doTryCatch(return(expr), name, parentenv, handler) :
     no font could be found for family "Arial"
    Warning in doTryCatch(return(expr), name, parentenv, handler) :
     no font could be found for family "Arial"
    Warning in doTryCatch(return(expr), name, parentenv, handler) :
     no font could be found for family "Arial"
    Warning in doTryCatch(return(expr), name, parentenv, handler) :
     no font could be found for family "Arial"
    Warning in doTryCatch(return(expr), name, parentenv, handler) :
     no font could be found for family "Arial"
    Warning in doTryCatch(return(expr), name, parentenv, handler) :
     no font could be found for family "Arial"
    Warning in doTryCatch(return(expr), name, parentenv, handler) :
     no font could be found for family "Arial"
    Warning in doTryCatch(return(expr), name, parentenv, handler) :
     no font could be found for family "Arial"
    Warning in doTryCatch(return(expr), name, parentenv, handler) :
     no font could be found for family "Arial"
    Warning in doTryCatch(return(expr), name, parentenv, handler) :
     no font could be found for family "Arial"
    Warning in doTryCatch(return(expr), name, parentenv, handler) :
     no font could be found for family "Arial"
    Warning in doTryCatch(return(expr), name, parentenv, handler) :
     no font could be found for family "Arial"
    Warning in doTryCatch(return(expr), name, parentenv, handler) :
     no font could be found for family "Arial"
    Warning in doTryCatch(return(expr), name, parentenv, handler) :
     no font could be found for family "Arial"
    Warning in doTryCatch(return(expr), name, parentenv, handler) :
     no font could be found for family "Arial"
    Warning in doTryCatch(return(expr), name, parentenv, handler) :
     no font could be found for family "Arial"
    Warning in doTryCatch(return(expr), name, parentenv, handler) :
     no font could be found for family "Arial"
    Warning in doTryCatch(return(expr), name, parentenv, handler) :
     no font could be found for family "Arial"
    Warning in strwidth(c(breaks, nodata.txt), cex = values.cex) :
     no font could be found for family "Arial"
    Warning in strwidth(c(breaks, nodata.txt), cex = values.cex) :
     no font could be found for family "Arial"
    Warning in strwidth(c(breaks, nodata.txt), cex = values.cex) :
     no font could be found for family "Arial"
    Warning in strwidth(c(breaks, nodata.txt), cex = values.cex) :
     no font could be found for family "Arial"
    Warning in strwidth(c(breaks, nodata.txt), cex = values.cex) :
     no font could be found for family "Arial"
    Warning in strwidth(c(breaks, nodata.txt), cex = values.cex) :
     no font could be found for family "Arial"
    Warning in strwidth(c(breaks, nodata.txt), cex = values.cex) :
     no font could be found for family "Arial"
    Warning in strwidth(title.txt, cex = title.cex) :
     no font could be found for family "Arial"
    Warning in strwidth(title.txt, cex = title.cex) :
     no font could be found for family "Arial"
    Warning in strheight(title.txt, cex = title.cex) :
     no font could be found for family "Arial"
    Warning in strwidth(words[i], cex = cex[i], ...) :
     no font could be found for family "Arial"
    Warning in strwidth("R", cex = cex[i], ...) :
     no font could be found for family "Arial"
    Warning in strheight(words[i], cex = cex[i], ...) :
     no font could be found for family "Arial"
    
    Execution halted
    SUMMARY: processing the following file failed:
     ‘MTA_Scenario.Rmd’
    
    Error: Vignette re-building failed.
    Execution halted
Flavor: r-release-macos-arm64

Version: 0.3.0
Check: PDF version of manual
Result: FAIL
Flavor: r-release-macos-arm64