CRAN Package Check Results for Package MSCquartets

Last updated on 2021-11-28 11:48:51 CET.

Flavor Version Tinstall Tcheck Ttotal Status Flags
r-devel-linux-x86_64-debian-clang 1.1.0 NOTE
r-devel-linux-x86_64-debian-gcc 1.1.0 9.59 122.44 132.03 NOTE
r-devel-linux-x86_64-fedora-clang 1.1.0 224.88 NOTE
r-devel-linux-x86_64-fedora-gcc 1.1.0 201.34 NOTE
r-devel-windows-x86_64-new-UL 1.1.0 24.00 199.00 223.00 NOTE
r-devel-windows-x86_64-new-TK 1.1.0 NOTE
r-devel-windows-x86_64-old 1.1.0 14.00 166.00 180.00 NOTE
r-patched-linux-x86_64 1.1.0 11.46 152.70 164.16 NOTE
r-patched-solaris-x86 1.1.0 259.80 NOTE
r-release-linux-x86_64 1.1.0 12.61 156.31 168.92 NOTE
r-release-macos-arm64 1.1.0 NOTE
r-release-macos-x86_64 1.1.0 NOTE
r-release-windows-ix86+x86_64 1.1.0 26.00 196.00 222.00 NOTE
r-oldrel-macos-x86_64 1.1.0 OK
r-oldrel-windows-ix86+x86_64 1.1.0 20.00 193.00 213.00 OK

Additional issues

donttest

Check Details

Version: 1.1.0
Check: LazyData
Result: NOTE
     'LazyData' is specified without a 'data' directory
Flavors: r-devel-linux-x86_64-debian-clang, r-devel-linux-x86_64-debian-gcc, r-devel-linux-x86_64-fedora-clang, r-devel-linux-x86_64-fedora-gcc, r-devel-windows-x86_64-new-UL, r-devel-windows-x86_64-new-TK, r-devel-windows-x86_64-old, r-patched-linux-x86_64, r-patched-solaris-x86, r-release-linux-x86_64, r-release-macos-arm64, r-release-macos-x86_64, r-release-windows-ix86+x86_64