CRAN Package Check Results for Package MPGE

Last updated on 2022-01-25 12:55:40 CET.

Flavor Version Tinstall Tcheck Ttotal Status Flags
r-devel-linux-x86_64-debian-clang 1.0.0 2.78 37.82 40.60 OK
r-devel-linux-x86_64-debian-gcc 1.0.0 2.04 31.73 33.77 OK
r-devel-linux-x86_64-fedora-clang 1.0.0 50.50 OK
r-devel-linux-x86_64-fedora-gcc 1.0.0 38.79 OK
r-devel-windows-x86_64-new-UL 1.0.0 23.00 65.00 88.00 OK
r-devel-windows-x86_64-new-TK 1.0.0 ERROR
r-patched-linux-x86_64 1.0.0 2.69 35.29 37.98 OK
r-release-linux-x86_64 1.0.0 1.97 35.44 37.41 OK
r-release-macos-arm64 1.0.0 OK
r-release-macos-x86_64 1.0.0 OK
r-release-windows-ix86+x86_64 1.0.0 8.00 46.00 54.00 OK
r-oldrel-macos-x86_64 1.0.0 OK
r-oldrel-windows-ix86+x86_64 1.0.0 8.00 49.00 57.00 OK

Check Details

Version: 1.0.0
Check: package dependencies
Result: ERROR
    Package required but not available: 'car'
    
    See section 'The DESCRIPTION file' in the 'Writing R Extensions'
    manual.
Flavor: r-devel-windows-x86_64-new-TK