CRAN Package Check Results for Package MODIStsp

Last updated on 2021-08-03 19:52:13 CEST.

Flavor Version Tinstall Tcheck Ttotal Status Flags
r-devel-linux-x86_64-debian-clang 2.0.5 14.90 137.77 152.67 NOTE
r-devel-linux-x86_64-debian-gcc 2.0.5 12.85 102.18 115.03 NOTE
r-devel-linux-x86_64-fedora-clang 2.0.6 193.85 OK
r-devel-linux-x86_64-fedora-gcc 2.0.6 180.62 OK
r-devel-windows-x86_64 2.0.5 22.00 161.00 183.00 NOTE
r-devel-windows-x86_64-gcc10-UCRT 2.0.5 NOTE
r-patched-linux-x86_64 2.0.5 13.67 128.49 142.16 NOTE
r-patched-solaris-x86 2.0.6 250.10 OK
r-release-linux-x86_64 2.0.5 15.38 129.35 144.73 NOTE
r-release-macos-arm64 2.0.5 NOTE
r-release-macos-x86_64 2.0.5 NOTE
r-release-windows-ix86+x86_64 2.0.5 35.00 161.00 196.00 NOTE
r-oldrel-macos-x86_64 2.0.5 OK
r-oldrel-windows-ix86+x86_64 2.0.5 24.00 167.00 191.00 OK

Additional issues

donttest

Check Details

Version: 2.0.5
Check: LazyData
Result: NOTE
     'LazyData' is specified without a 'data' directory
Flavors: r-devel-linux-x86_64-debian-clang, r-devel-linux-x86_64-debian-gcc, r-devel-windows-x86_64, r-devel-windows-x86_64-gcc10-UCRT, r-patched-linux-x86_64, r-release-linux-x86_64, r-release-macos-arm64, r-release-macos-x86_64, r-release-windows-ix86+x86_64