CRAN Package Check Results for Package MNLpred

Last updated on 2021-08-01 19:51:35 CEST.

Flavor Version Tinstall Tcheck Ttotal Status Flags
r-devel-linux-x86_64-debian-clang 0.0.8 2.62 41.45 44.07 OK
r-devel-linux-x86_64-debian-gcc 0.0.8 1.75 31.80 33.55 OK
r-devel-linux-x86_64-fedora-clang 0.0.8 61.45 OK
r-devel-linux-x86_64-fedora-gcc 0.0.8 52.74 OK
r-devel-windows-x86_64 0.0.8 4.00 62.00 66.00 OK
r-devel-windows-x86_64-gcc10-UCRT 0.0.8 OK
r-patched-linux-x86_64 0.0.8 OK
r-patched-solaris-x86 0.0.8 81.50 OK
r-release-linux-x86_64 0.0.8 2.11 39.75 41.86 OK
r-release-macos-arm64 0.0.8 WARN
r-release-macos-x86_64 0.0.8 WARN
r-release-windows-ix86+x86_64 0.0.8 6.00 62.00 68.00 OK
r-oldrel-macos-x86_64 0.0.8 WARN
r-oldrel-windows-ix86+x86_64 0.0.8 8.00 64.00 72.00 OK

Check Details

Version: 0.0.8
Check: re-building of vignette outputs
Result: WARN
    Error(s) in re-building vignettes:
     ...
    --- re-building ‘OVA_Predictions_For_MNL.Rmd’ using rmarkdown
    Warning in engine$weave(file, quiet = quiet, encoding = enc) :
     Pandoc (>= 1.12.3) not available. Falling back to R Markdown v1.
    Quitting from lines 152-163 (OVA_Predictions_For_MNL.Rmd)
    Error: processing vignette 'OVA_Predictions_For_MNL.Rmd' failed with diagnostics:
    polygon edge not found
    --- failed re-building ‘OVA_Predictions_For_MNL.Rmd’
    
    SUMMARY: processing the following file failed:
     ‘OVA_Predictions_For_MNL.Rmd’
    
    Error: Vignette re-building failed.
    Execution halted
Flavor: r-release-macos-arm64

Version: 0.0.8
Check: re-building of vignette outputs
Result: WARN
    Error(s) in re-building vignettes:
     ...
    --- re-building ‘OVA_Predictions_For_MNL.Rmd’ using rmarkdown
    Warning in engine$weave(file, quiet = quiet, encoding = enc) :
     Pandoc (>= 1.12.3) not available. Falling back to R Markdown v1.
    Error: processing vignette 'OVA_Predictions_For_MNL.Rmd' failed with diagnostics:
    there is no package called 'stringi'
    --- failed re-building ‘OVA_Predictions_For_MNL.Rmd’
    
    SUMMARY: processing the following file failed:
     ‘OVA_Predictions_For_MNL.Rmd’
    
    Error: Vignette re-building failed.
    Execution halted
Flavors: r-release-macos-x86_64, r-oldrel-macos-x86_64