Last updated on 2022-05-28 14:53:45 CEST.
Flavor | Version | Tinstall | Tcheck | Ttotal | Status | Flags |
---|---|---|---|---|---|---|
r-devel-linux-x86_64-debian-clang | 0.1.0 | 2.66 | 30.31 | 32.97 | NOTE | |
r-devel-linux-x86_64-debian-gcc | 0.1.0 | 2.07 | 23.19 | 25.26 | NOTE | |
r-devel-linux-x86_64-fedora-clang | 0.1.0 | 39.60 | NOTE | |||
r-devel-linux-x86_64-fedora-gcc | 0.1.0 | 37.90 | NOTE | |||
r-devel-windows-x86_64 | 0.1.0 | 9.00 | 47.00 | 56.00 | NOTE | |
r-patched-linux-x86_64 | 0.1.0 | 2.48 | 29.48 | 31.96 | NOTE | |
r-release-linux-x86_64 | 0.1.0 | 1.97 | 28.84 | 30.81 | NOTE | |
r-release-macos-arm64 | 0.1.0 | 16.00 | NOTE | |||
r-release-macos-x86_64 | 0.1.0 | 23.00 | NOTE | |||
r-release-windows-x86_64 | 0.1.0 | 8.00 | 47.00 | 55.00 | NOTE | |
r-oldrel-macos-arm64 | 0.1.0 | 18.00 | NOTE | |||
r-oldrel-macos-x86_64 | 0.1.0 | 22.00 | NOTE | |||
r-oldrel-windows-ix86+x86_64 | 0.1.0 | 9.00 | 39.00 | 48.00 | NOTE |
Version: 0.1.0
Check: LazyData
Result: NOTE
'LazyData' is specified without a 'data' directory
Flavors: r-devel-linux-x86_64-debian-clang, r-devel-linux-x86_64-debian-gcc, r-devel-linux-x86_64-fedora-clang, r-devel-linux-x86_64-fedora-gcc, r-devel-windows-x86_64, r-patched-linux-x86_64, r-release-linux-x86_64, r-release-macos-arm64, r-release-macos-x86_64, r-release-windows-x86_64, r-oldrel-macos-arm64, r-oldrel-macos-x86_64, r-oldrel-windows-ix86+x86_64
Version: 0.1.0
Check: dependencies in R code
Result: NOTE
Namespaces in Imports field not imported from:
‘caret’ ‘datasets’ ‘e1071’ ‘nnet’ ‘shiny’ ‘stats’
All declared Imports should be used.
Flavors: r-devel-linux-x86_64-fedora-clang, r-devel-linux-x86_64-fedora-gcc, r-release-macos-arm64, r-release-macos-x86_64, r-oldrel-macos-arm64, r-oldrel-macos-x86_64