CRAN Package Check Results for Package MMVBVS

Last updated on 2021-05-18 21:54:10 CEST.

Flavor Version Tinstall Tcheck Ttotal Status Flags
r-devel-linux-x86_64-debian-clang 0.8.0 48.70 54.55 103.25 NOTE
r-devel-linux-x86_64-debian-gcc 0.8.0 30.95 40.38 71.33 NOTE
r-devel-linux-x86_64-fedora-clang 0.8.0 138.86 NOTE
r-devel-linux-x86_64-fedora-gcc 0.8.0 129.64 NOTE
r-devel-windows-ix86+x86_64 0.8.0 87.00 81.00 168.00 NOTE
r-devel-windows-x86_64-gcc10-UCRT 0.8.0 NOTE
r-patched-linux-x86_64 0.8.0 38.21 49.57 87.78 NOTE
r-patched-solaris-x86 0.8.0 139.60 NOTE
r-release-linux-x86_64 0.8.0 37.83 50.72 88.55 OK
r-release-macos-x86_64 0.8.0 OK
r-release-windows-ix86+x86_64 0.8.0 81.00 89.00 170.00 OK
r-oldrel-macos-x86_64 0.8.0 OK
r-oldrel-windows-ix86+x86_64 0.8.0 70.00 91.00 161.00 OK

Check Details

Version: 0.8.0
Check: LazyData
Result: NOTE
     'LazyData' is specified without a 'data' directory
Flavors: r-devel-linux-x86_64-debian-clang, r-devel-linux-x86_64-debian-gcc, r-devel-linux-x86_64-fedora-clang, r-devel-linux-x86_64-fedora-gcc, r-devel-windows-ix86+x86_64, r-devel-windows-x86_64-gcc10-UCRT, r-patched-linux-x86_64, r-patched-solaris-x86