CRAN Package Check Results for Package MLRShiny

Last updated on 2021-10-25 04:54:16 CEST.

Flavor Version Tinstall Tcheck Ttotal Status Flags
r-devel-linux-x86_64-debian-clang 0.1.0 2.05 19.04 21.09 NOTE
r-devel-linux-x86_64-debian-gcc 0.1.0 1.72 15.23 16.95 NOTE
r-devel-linux-x86_64-fedora-clang 0.1.0 38.41 NOTE
r-devel-linux-x86_64-fedora-gcc 0.1.0 26.01 NOTE
r-devel-windows-x86_64 0.1.0 4.00 38.00 42.00 NOTE
r-devel-windows-x86_64-gcc10-UCRT 0.1.0 NOTE
r-patched-linux-x86_64 0.1.0 2.04 18.41 20.45 NOTE
r-patched-solaris-x86 0.1.0 43.50 NOTE
r-release-linux-x86_64 0.1.0 1.96 18.28 20.24 NOTE
r-release-macos-arm64 0.1.0 NOTE
r-release-macos-x86_64 0.1.0 NOTE
r-release-windows-ix86+x86_64 0.1.0 5.00 38.00 43.00 NOTE
r-oldrel-macos-x86_64 0.1.0 NOTE
r-oldrel-windows-ix86+x86_64 0.1.0 8.00 37.00 45.00 OK

Check Details

Version: 0.1.0
Check: LazyData
Result: NOTE
     'LazyData' is specified without a 'data' directory
Flavors: r-devel-linux-x86_64-debian-clang, r-devel-linux-x86_64-debian-gcc, r-devel-linux-x86_64-fedora-clang, r-devel-linux-x86_64-fedora-gcc, r-devel-windows-x86_64, r-devel-windows-x86_64-gcc10-UCRT, r-patched-linux-x86_64, r-patched-solaris-x86, r-release-linux-x86_64, r-release-macos-arm64, r-release-macos-x86_64, r-release-windows-ix86+x86_64

Version: 0.1.0
Check: dependencies in R code
Result: NOTE
    Namespaces in Imports field not imported from:
     ‘QuantPsyc’ ‘corrgram’ ‘dplyr’ ‘forecast’ ‘psych’ ‘shinyAce’
     All declared Imports should be used.
Flavors: r-devel-linux-x86_64-fedora-clang, r-devel-linux-x86_64-fedora-gcc, r-devel-windows-x86_64-gcc10-UCRT, r-patched-solaris-x86, r-release-macos-arm64, r-release-macos-x86_64, r-oldrel-macos-x86_64