Last updated on 2023-02-04 04:53:57 CET.
Flavor | Version | Tinstall | Tcheck | Ttotal | Status | Flags |
---|---|---|---|---|---|---|
r-devel-linux-x86_64-debian-clang | 1.0.1 | 8.51 | 115.70 | 124.21 | OK | |
r-devel-linux-x86_64-debian-gcc | 1.0.1 | 6.58 | 84.42 | 91.00 | OK | |
r-devel-linux-x86_64-fedora-clang | 1.0.1 | 145.43 | NOTE | |||
r-devel-linux-x86_64-fedora-gcc | 1.0.1 | 160.21 | NOTE | |||
r-devel-windows-x86_64 | 1.0.1 | 26.00 | 151.00 | 177.00 | OK | |
r-patched-linux-x86_64 | 1.0.1 | 8.05 | 110.35 | 118.40 | OK | |
r-release-linux-x86_64 | 1.0.1 | 7.34 | 111.89 | 119.23 | OK | |
r-release-macos-arm64 | 1.0.1 | 52.00 | NOTE | |||
r-release-macos-x86_64 | 1.0.1 | 83.00 | NOTE | |||
r-release-windows-x86_64 | 1.0.1 | 30.00 | 151.00 | 181.00 | OK | |
r-oldrel-macos-arm64 | 1.0.1 | 73.00 | NOTE | |||
r-oldrel-macos-x86_64 | 1.0.1 | 66.00 | NOTE | |||
r-oldrel-windows-ix86+x86_64 | 1.0.1 | 16.00 | 149.00 | 165.00 | OK |
Version: 1.0.1
Check: dependencies in R code
Result: NOTE
Namespace in Imports field not imported from: ‘nlme’
All declared Imports should be used.
Flavors: r-devel-linux-x86_64-fedora-clang, r-devel-linux-x86_64-fedora-gcc, r-release-macos-arm64, r-release-macos-x86_64, r-oldrel-macos-arm64, r-oldrel-macos-x86_64