CRAN Package Check Results for Package MKdescr

Last updated on 2022-07-01 17:54:12 CEST.

Flavor Version Tinstall Tcheck Ttotal Status Flags
r-devel-linux-x86_64-debian-clang 0.7 7.08 79.31 86.39 NOTE
r-devel-linux-x86_64-debian-gcc 0.7 5.03 58.74 63.77 NOTE
r-devel-linux-x86_64-fedora-clang 0.7 115.52 NOTE
r-devel-linux-x86_64-fedora-gcc 0.7 111.47 NOTE
r-devel-windows-x86_64 0.7 21.00 112.00 133.00 NOTE
r-patched-linux-x86_64 0.7 6.84 73.61 80.45 OK
r-release-linux-x86_64 0.7 5.42 74.59 80.01 OK
r-release-macos-arm64 0.7 35.00 OK
r-release-macos-x86_64 0.7 61.00 OK
r-release-windows-x86_64 0.7 21.00 112.00 133.00 OK
r-oldrel-macos-arm64 0.7 50.00 OK
r-oldrel-macos-x86_64 0.7 46.00 OK
r-oldrel-windows-ix86+x86_64 0.7 16.00 96.00 112.00 OK

Check Details

Version: 0.7
Check: Rd files
Result: NOTE
    checkRd: (-1) qboxplot.Rd:127: Escaped LaTeX specials: \&
    checkRd: (-1) qboxplot.Rd:130: Escaped LaTeX specials: \&
    checkRd: (-1) qbxp.stats.Rd:66: Escaped LaTeX specials: \&
Flavors: r-devel-linux-x86_64-debian-clang, r-devel-linux-x86_64-debian-gcc, r-devel-linux-x86_64-fedora-clang, r-devel-linux-x86_64-fedora-gcc, r-devel-windows-x86_64