CRAN Package Check Results for Package MInt

Last updated on 2022-01-28 00:49:00 CET.

Flavor Version Tinstall Tcheck Ttotal Status Flags
r-devel-linux-x86_64-debian-clang 1.0.1 3.05 46.91 49.96 NOTE
r-devel-linux-x86_64-debian-gcc 1.0.1 2.20 36.69 38.89 NOTE
r-devel-linux-x86_64-fedora-clang 1.0.1 60.95 NOTE
r-devel-linux-x86_64-fedora-gcc 1.0.1 49.30 NOTE
r-devel-windows-x86_64-new-UL 1.0.1 17.00 74.00 91.00 NOTE
r-devel-windows-x86_64-new-TK 1.0.1 NOTE
r-patched-linux-x86_64 1.0.1 2.48 41.30 43.78 NOTE
r-release-linux-x86_64 1.0.1 2.66 40.83 43.49 NOTE
r-release-macos-arm64 1.0.1 NOTE
r-release-macos-x86_64 1.0.1 NOTE
r-release-windows-ix86+x86_64 1.0.1 7.00 53.00 60.00 NOTE
r-oldrel-macos-x86_64 1.0.1 NOTE
r-oldrel-windows-ix86+x86_64 1.0.1 7.00 56.00 63.00 NOTE

Check Details

Version: 1.0.1
Check: R code for possible problems
Result: NOTE
    read_design: no visible global function definition for 'model.frame'
    read_design: no visible global function definition for 'read.table'
    read_design: no visible global function definition for 'model.matrix'
    read_response: no visible global function definition for 'read.table'
    update_beta: no visible global function definition for 'update'
    update_beta: no visible global function definition for 'glm'
    update_beta: no visible global function definition for 'poisson'
    Undefined global functions or variables:
     glm model.frame model.matrix poisson read.table update
    Consider adding
     importFrom("stats", "glm", "model.frame", "model.matrix", "poisson",
     "update")
     importFrom("utils", "read.table")
    to your NAMESPACE file.
Flavors: r-devel-linux-x86_64-debian-clang, r-devel-linux-x86_64-debian-gcc, r-devel-linux-x86_64-fedora-clang, r-devel-linux-x86_64-fedora-gcc, r-devel-windows-x86_64-new-UL, r-devel-windows-x86_64-new-TK, r-patched-linux-x86_64, r-release-linux-x86_64, r-release-macos-arm64, r-release-macos-x86_64, r-release-windows-ix86+x86_64, r-oldrel-macos-x86_64, r-oldrel-windows-ix86+x86_64