CRAN Package Check Results for Package MGDrivE

Last updated on 2021-08-03 07:54:31 CEST.

Flavor Version Tinstall Tcheck Ttotal Status Flags
r-devel-linux-x86_64-debian-clang 1.6.0 65.19 339.84 405.03 OK
r-devel-linux-x86_64-debian-gcc 1.6.0 44.44 227.94 272.38 OK
r-devel-linux-x86_64-fedora-clang 1.6.0 478.95 OK
r-devel-linux-x86_64-fedora-gcc 1.6.0 470.40 OK
r-devel-windows-x86_64 1.6.0 57.00 394.00 451.00 OK
r-devel-windows-x86_64-gcc10-UCRT 1.6.0 OK
r-patched-linux-x86_64 1.6.0 58.39 317.27 375.66 OK
r-patched-solaris-x86 1.6.0 520.60 OK
r-release-linux-x86_64 1.6.0 50.56 316.55 367.11 OK
r-release-macos-arm64 1.6.0 OK
r-release-macos-x86_64 1.6.0 OK
r-release-windows-ix86+x86_64 1.6.0 131.00 402.00 533.00 NOTE
r-oldrel-macos-x86_64 1.6.0 OK
r-oldrel-windows-ix86+x86_64 1.6.0 98.00 405.00 503.00 NOTE

Check Details

Version: 1.6.0
Check: installed package size
Result: NOTE
     installed size is 5.0Mb
     sub-directories of 1Mb or more:
     doc 2.2Mb
     libs 2.1Mb
Flavors: r-release-windows-ix86+x86_64, r-oldrel-windows-ix86+x86_64