CRAN Package Check Results for Package MFHD

Last updated on 2021-12-03 11:51:54 CET.

Flavor Version Tinstall Tcheck Ttotal Status Flags
r-devel-linux-x86_64-debian-clang 0.0.1 11.38 109.43 120.81 NOTE
r-devel-linux-x86_64-debian-gcc 0.0.1 10.47 83.65 94.12 NOTE
r-devel-linux-x86_64-fedora-clang 0.0.1 163.52 NOTE
r-devel-linux-x86_64-fedora-gcc 0.0.1 146.67 NOTE
r-devel-windows-x86_64-new-UL 0.0.1 22.00 147.00 169.00 NOTE
r-devel-windows-x86_64-new-TK 0.0.1 NOTE
r-devel-windows-x86_64-old 0.0.1 20.00 98.00 118.00 NOTE
r-patched-linux-x86_64 0.0.1 12.45 104.15 116.60 NOTE
r-patched-solaris-x86 0.0.1 204.30 NOTE
r-release-linux-x86_64 0.0.1 11.34 105.22 116.56 NOTE
r-release-macos-arm64 0.0.1 NOTE
r-release-macos-x86_64 0.0.1 NOTE
r-release-windows-ix86+x86_64 0.0.1 30.00 128.00 158.00 NOTE
r-oldrel-macos-x86_64 0.0.1 NOTE
r-oldrel-windows-ix86+x86_64 0.0.1 27.00 128.00 155.00 NOTE

Check Details

Version: 0.0.1
Check: R code for possible problems
Result: NOTE
    MFHD: no visible global function definition for 'complete.cases'
    MFHD: no visible global function definition for 'quantile'
    PIT: no visible global function definition for 'xy.coords'
    PIT: no visible global function definition for 'identify'
    PIT: no visible global function definition for 'points'
    mfhd_compute.bagplot : cut.z.pg: no visible global function definition
     for 'segments'
    mfhd_compute.bagplot : cut.z.pg: no visible global function definition
     for 'points'
    mfhd_compute.bagplot : find.cut.z.pg: no visible global function
     definition for 'points'
    mfhd_compute.bagplot : find.cut.z.pg: no visible global function
     definition for 'lines'
    mfhd_compute.bagplot : expand.hull: no visible global function
     definition for 'chull'
    mfhd_compute.bagplot: no visible global function definition for
     'prcomp'
    mfhd_compute.bagplot: no visible binding for global variable 'sd'
    mfhd_compute.bagplot: no visible global function definition for
     'segments'
    mfhd_compute.bagplot: no visible global function definition for 'text'
    mfhd_compute.bagplot: no visible global function definition for 'chull'
    mfhd_compute.bagplot: no visible global function definition for
     'points'
    mfhd_compute.bagplot: no visible global function definition for 'lines'
    plot.bagplot : cut.z.pg: no visible global function definition for
     'segments'
    plot.bagplot : cut.z.pg: no visible global function definition for
     'points'
    plot.bagplot : find.cut.z.pg: no visible global function definition for
     'points'
    plot.bagplot : find.cut.z.pg: no visible global function definition for
     'lines'
    plot.bagplot: no visible global function definition for 'boxplot'
    plot.bagplot: no visible global function definition for 'points'
    plot.bagplot: no visible global function definition for 'segments'
    plot.bagplot: no visible global function definition for 'text'
    plot.bagplot: no visible global function definition for 'lines'
    plot.bagplot: no visible global function definition for 'polygon'
    Undefined global functions or variables:
     boxplot chull complete.cases identify lines points polygon prcomp
     quantile sd segments text xy.coords
    Consider adding
     importFrom("grDevices", "chull", "xy.coords")
     importFrom("graphics", "boxplot", "identify", "lines", "points",
     "polygon", "segments", "text")
     importFrom("stats", "complete.cases", "prcomp", "quantile", "sd")
    to your NAMESPACE file.
Flavors: r-devel-linux-x86_64-debian-clang, r-devel-linux-x86_64-debian-gcc, r-devel-linux-x86_64-fedora-clang, r-devel-linux-x86_64-fedora-gcc, r-devel-windows-x86_64-new-UL, r-devel-windows-x86_64-new-TK, r-devel-windows-x86_64-old, r-patched-linux-x86_64, r-patched-solaris-x86, r-release-linux-x86_64, r-release-macos-arm64, r-release-macos-x86_64, r-release-windows-ix86+x86_64, r-oldrel-macos-x86_64, r-oldrel-windows-ix86+x86_64