CRAN Package Check Results for Package MEtest

Last updated on 2022-08-12 21:53:07 CEST.

Flavor Version Tinstall Tcheck Ttotal Status Flags
r-devel-linux-x86_64-debian-clang 1.1 4.80 23.97 28.77 OK
r-devel-linux-x86_64-debian-gcc 1.1 2.92 18.95 21.87 OK
r-devel-linux-x86_64-fedora-clang 1.1 47.63 NOTE
r-devel-linux-x86_64-fedora-gcc 1.1 48.53 NOTE
r-devel-windows-x86_64 1.1 9.00 56.00 65.00 OK
r-patched-linux-x86_64 1.1 3.59 23.64 27.23 OK
r-release-linux-x86_64 1.1 3.40 23.57 26.97 OK
r-release-macos-arm64 1.1 20.00 OK
r-release-macos-x86_64 1.1 23.00 OK
r-release-windows-x86_64 1.1 8.00 52.00 60.00 OK
r-oldrel-macos-arm64 1.1 21.00 OK
r-oldrel-macos-x86_64 1.1 28.00 OK
r-oldrel-windows-ix86+x86_64 1.1 12.00 56.00 68.00 OK

Check Details

Version: 1.1
Check: compiled code
Result: NOTE
    File ‘MEtest/libs/MEtest.so’:
     Found no calls to: ‘R_registerRoutines’, ‘R_useDynamicSymbols’
    
    It is good practice to register native routines and to disable symbol
    search.
    
    See ‘Writing portable packages’ in the ‘Writing R Extensions’ manual.
Flavors: r-devel-linux-x86_64-fedora-clang, r-devel-linux-x86_64-fedora-gcc