CRAN Package Check Results for Package MEPDF

Last updated on 2021-06-16 21:51:47 CEST.

Flavor Version Tinstall Tcheck Ttotal Status Flags
r-devel-linux-x86_64-debian-clang 3.0 2.81 30.83 33.64 NOTE
r-devel-linux-x86_64-debian-gcc 3.0 2.21 23.60 25.81 NOTE
r-devel-linux-x86_64-fedora-clang 3.0 50.56 NOTE
r-devel-linux-x86_64-fedora-gcc 3.0 39.05 NOTE
r-devel-windows-x86_64 3.0 5.00 35.00 40.00 NOTE
r-devel-windows-x86_64-gcc10-UCRT 3.0 NOTE
r-patched-linux-x86_64 3.0 2.51 29.55 32.06 NOTE
r-patched-solaris-x86 3.0 61.50 NOTE
r-release-linux-x86_64 3.0 2.99 29.79 32.78 NOTE
r-release-macos-arm64 3.0 NOTE
r-release-macos-x86_64 3.0 NOTE
r-release-windows-ix86+x86_64 3.0 7.00 48.00 55.00 NOTE
r-oldrel-macos-x86_64 3.0 OK
r-oldrel-windows-ix86+x86_64 3.0 5.00 48.00 53.00 OK

Check Details

Version: 3.0
Check: LazyData
Result: NOTE
     'LazyData' is specified without a 'data' directory
Flavors: r-devel-linux-x86_64-debian-clang, r-devel-linux-x86_64-debian-gcc, r-devel-linux-x86_64-fedora-clang, r-devel-linux-x86_64-fedora-gcc, r-devel-windows-x86_64, r-devel-windows-x86_64-gcc10-UCRT, r-patched-linux-x86_64, r-patched-solaris-x86, r-release-linux-x86_64, r-release-macos-arm64, r-release-macos-x86_64, r-release-windows-ix86+x86_64