CRAN Package Check Results for Package MEMSS

Last updated on 2022-06-30 17:49:49 CEST.

Flavor Version Tinstall Tcheck Ttotal Status Flags
r-devel-linux-x86_64-debian-clang 0.9-3 6.58 48.97 55.55 NOTE
r-devel-linux-x86_64-debian-gcc 0.9-3 6.37 36.64 43.01 NOTE
r-devel-linux-x86_64-fedora-clang 0.9-3 81.68 NOTE
r-devel-linux-x86_64-fedora-gcc 0.9-3 76.73 NOTE
r-devel-windows-x86_64 0.9-3 20.00 86.00 106.00 NOTE
r-patched-linux-x86_64 0.9-3 6.96 46.00 52.96 OK
r-release-linux-x86_64 0.9-3 6.57 45.29 51.86 OK
r-release-macos-arm64 0.9-3 24.00 OK
r-release-macos-x86_64 0.9-3 39.00 OK
r-release-windows-x86_64 0.9-3 26.00 86.00 112.00 OK
r-oldrel-macos-arm64 0.9-3 26.00 OK
r-oldrel-macos-x86_64 0.9-3 36.00 OK
r-oldrel-windows-ix86+x86_64 0.9-3 18.00 83.00 101.00 OK

Check Details

Version: 0.9-3
Check: Rd files
Result: NOTE
    checkRd: (-1) Soybean.Rd:15: Escaped LaTeX specials: \#
    checkRd: (-1) Soybean.Rd:33: Escaped LaTeX specials: \#
Flavors: r-devel-linux-x86_64-debian-clang, r-devel-linux-x86_64-debian-gcc, r-devel-linux-x86_64-fedora-clang, r-devel-linux-x86_64-fedora-gcc, r-devel-windows-x86_64