CRAN Package Check Results for Package MCPModPack

Last updated on 2022-08-15 09:49:34 CEST.

Flavor Version Tinstall Tcheck Ttotal Status Flags
r-devel-linux-x86_64-debian-clang 0.4 40.33 77.02 117.35 OK
r-devel-linux-x86_64-debian-gcc 0.4 37.99 56.18 94.17 OK
r-devel-linux-x86_64-fedora-clang 0.4 160.53 OK
r-devel-linux-x86_64-fedora-gcc 0.4 168.78 OK
r-devel-windows-x86_64 0.4 57.00 115.00 172.00 OK
r-patched-linux-x86_64 0.4 43.00 73.33 116.33 OK
r-release-linux-x86_64 0.4 37.86 76.17 114.03 OK
r-release-macos-arm64 0.4 44.00 NOTE
r-release-macos-x86_64 0.4 84.00 NOTE
r-release-windows-x86_64 0.4 47.00 117.00 164.00 OK
r-oldrel-macos-arm64 0.4 43.00 NOTE
r-oldrel-macos-x86_64 0.4 66.00 NOTE
r-oldrel-windows-ix86+x86_64 0.4 109.00 146.00 255.00 OK

Check Details

Version: 0.4
Check: installed package size
Result: NOTE
     installed size is 6.0Mb
     sub-directories of 1Mb or more:
     libs 5.4Mb
Flavors: r-release-macos-arm64, r-release-macos-x86_64, r-oldrel-macos-arm64, r-oldrel-macos-x86_64