CRAN Package Check Results for Package MBNMAtime

Last updated on 2021-09-20 04:58:22 CEST.

Flavor Version Tinstall Tcheck Ttotal Status Flags
r-devel-linux-x86_64-debian-clang 0.2.1 12.35 445.10 457.45 OK
r-devel-linux-x86_64-debian-gcc 0.2.1 8.21 317.23 325.44 OK
r-devel-linux-x86_64-fedora-clang 0.2.1 521.77 NOTE
r-devel-linux-x86_64-fedora-gcc 0.2.1 570.95 OK
r-devel-windows-x86_64 0.2.1 12.00 345.00 357.00 OK
r-devel-windows-x86_64-gcc10-UCRT 0.2.1 ERROR
r-patched-linux-x86_64 0.2.1 10.51 427.00 437.51 OK
r-patched-solaris-x86 0.2.1 273.80 OK
r-release-linux-x86_64 0.2.1 10.05 417.44 427.49 OK
r-release-macos-arm64 0.2.1 OK
r-release-macos-x86_64 0.2.1 OK
r-release-windows-ix86+x86_64 0.2.1 16.00 410.00 426.00 OK
r-oldrel-macos-x86_64 0.2.1 OK
r-oldrel-windows-ix86+x86_64 0.2.1 18.00 511.00 529.00 OK

Check Details

Version: 0.2.1
Check: Rd cross-references
Result: NOTE
    Undeclared package ‘gemtc’ in Rd xrefs
Flavor: r-devel-linux-x86_64-fedora-clang

Version: 0.2.1
Check: whether package can be installed
Result: WARN
    Found the following significant warnings:
     WARNING: installation-time patches will not be applied, could not get the patches index
Flavor: r-devel-windows-x86_64-gcc10-UCRT

Version: 0.2.1
Check: PDF version of manual
Result: WARN
    LaTeX errors when creating PDF version.
    This typically indicates Rd problems.
Flavor: r-devel-windows-x86_64-gcc10-UCRT

Version: 0.2.1
Check: PDF version of manual without hyperrefs or index
Result: ERROR
    Re-running with no redirection of stdout/stderr.
Flavor: r-devel-windows-x86_64-gcc10-UCRT