CRAN Package Check Results for Package MBCbook

Last updated on 2021-09-21 16:51:32 CEST.

Flavor Version Tinstall Tcheck Ttotal Status Flags
r-devel-linux-x86_64-debian-clang 0.1.1 4.72 55.03 59.75 OK
r-devel-linux-x86_64-debian-gcc 0.1.1 3.60 42.91 46.51 OK
r-devel-linux-x86_64-fedora-clang 0.1.1 78.61 NOTE
r-devel-linux-x86_64-fedora-gcc 0.1.1 69.42 NOTE
r-devel-windows-x86_64 0.1.1 5.00 60.00 65.00 OK
r-devel-windows-x86_64-gcc10-UCRT 0.1.1 ERROR
r-patched-linux-x86_64 0.1.1 4.42 53.14 57.56 OK
r-patched-solaris-x86 0.1.1 100.60 NOTE
r-release-linux-x86_64 0.1.1 3.47 52.37 55.84 OK
r-release-macos-arm64 0.1.1 NOTE
r-release-macos-x86_64 0.1.1 NOTE
r-release-windows-ix86+x86_64 0.1.1 9.00 78.00 87.00 OK
r-oldrel-macos-x86_64 0.1.1 NOTE
r-oldrel-windows-ix86+x86_64 0.1.1 9.00 61.00 70.00 OK

Check Details

Version: 0.1.1
Check: data for non-ASCII characters
Result: NOTE
     Note: found 66 marked UTF-8 strings
Flavors: r-devel-linux-x86_64-fedora-clang, r-devel-linux-x86_64-fedora-gcc, r-devel-windows-x86_64-gcc10-UCRT, r-patched-solaris-x86, r-release-macos-arm64, r-release-macos-x86_64, r-oldrel-macos-x86_64

Version: 0.1.1
Check: whether package can be installed
Result: WARN
    Found the following significant warnings:
     WARNING: installation-time patches will not be applied, could not get the patches index
Flavor: r-devel-windows-x86_64-gcc10-UCRT

Version: 0.1.1
Check: PDF version of manual
Result: WARN
    LaTeX errors when creating PDF version.
    This typically indicates Rd problems.
Flavor: r-devel-windows-x86_64-gcc10-UCRT

Version: 0.1.1
Check: PDF version of manual without hyperrefs or index
Result: ERROR
    Re-running with no redirection of stdout/stderr.
Flavor: r-devel-windows-x86_64-gcc10-UCRT