CRAN Package Check Results for Package MARSS

Last updated on 2021-07-31 19:51:32 CEST.

Flavor Version Tinstall Tcheck Ttotal Status Flags
r-devel-linux-x86_64-debian-clang 3.11.3 21.42 267.42 288.84 OK
r-devel-linux-x86_64-debian-gcc 3.11.3 18.14 197.63 215.77 OK
r-devel-linux-x86_64-fedora-clang 3.11.3 334.73 OK
r-devel-linux-x86_64-fedora-gcc 3.11.3 334.22 OK
r-devel-windows-x86_64 3.11.3 26.00 257.00 283.00 OK
r-devel-windows-x86_64-gcc10-UCRT 3.11.3 OK
r-patched-linux-x86_64 3.11.3 OK
r-patched-solaris-x86 3.11.3 359.20 NOTE
r-release-linux-x86_64 3.11.3 19.12 255.72 274.84 OK
r-release-macos-arm64 3.11.3 OK
r-release-macos-x86_64 3.11.3 OK
r-release-windows-ix86+x86_64 3.11.3 36.00 254.00 290.00 OK
r-oldrel-macos-x86_64 3.11.3 OK
r-oldrel-windows-ix86+x86_64 3.11.3 21.00 254.00 275.00 OK

Check Details

Version: 3.11.3
Check: installed package size
Result: NOTE
     installed size is 5.3Mb
     sub-directories of 1Mb or more:
     doc 3.8Mb
Flavor: r-patched-solaris-x86