Last updated on 2022-08-12 09:52:06 CEST.
Flavor | Version | Tinstall | Tcheck | Ttotal | Status | Flags |
---|---|---|---|---|---|---|
r-devel-linux-x86_64-debian-clang | 0.9 | 5.00 | 46.11 | 51.11 | NOTE | |
r-devel-linux-x86_64-debian-gcc | 0.9 | 3.41 | 35.28 | 38.69 | NOTE | |
r-devel-linux-x86_64-fedora-clang | 0.9 | 73.08 | NOTE | |||
r-devel-linux-x86_64-fedora-gcc | 0.9 | 71.34 | NOTE | |||
r-devel-windows-x86_64 | 0.9 | 23.00 | 70.00 | 93.00 | NOTE | |
r-patched-linux-x86_64 | 0.9 | 5.57 | 43.14 | 48.71 | NOTE | |
r-release-linux-x86_64 | 0.9 | 4.07 | 44.48 | 48.55 | NOTE | |
r-release-macos-arm64 | 0.9 | 22.00 | NOTE | |||
r-release-macos-x86_64 | 0.9 | 29.00 | NOTE | |||
r-release-windows-x86_64 | 0.9 | 36.00 | 73.00 | 109.00 | NOTE | |
r-oldrel-macos-arm64 | 0.9 | 30.00 | NOTE | |||
r-oldrel-macos-x86_64 | 0.9 | 39.00 | NOTE | |||
r-oldrel-windows-ix86+x86_64 | 0.9 | 12.00 | 66.00 | 78.00 | NOTE |
Version: 0.9
Check: LazyData
Result: NOTE
'LazyData' is specified without a 'data' directory
Flavors: r-devel-linux-x86_64-debian-clang, r-devel-linux-x86_64-debian-gcc, r-devel-linux-x86_64-fedora-clang, r-devel-linux-x86_64-fedora-gcc, r-devel-windows-x86_64, r-patched-linux-x86_64, r-release-linux-x86_64, r-release-macos-arm64, r-release-macos-x86_64, r-release-windows-x86_64, r-oldrel-macos-arm64, r-oldrel-macos-x86_64, r-oldrel-windows-ix86+x86_64