Last updated on 2022-08-19 09:52:17 CEST.
Flavor | Version | Tinstall | Tcheck | Ttotal | Status | Flags |
---|---|---|---|---|---|---|
r-devel-linux-x86_64-debian-clang | 1.6.4 | 17.48 | 88.06 | 105.54 | NOTE | |
r-devel-linux-x86_64-debian-gcc | 1.6.4 | 15.72 | 66.71 | 82.43 | NOTE | |
r-devel-linux-x86_64-fedora-clang | 1.6.4 | 137.74 | NOTE | |||
r-devel-linux-x86_64-fedora-gcc | 1.6.4 | 137.54 | NOTE | |||
r-devel-windows-x86_64 | 1.6.4 | 34.00 | 114.00 | 148.00 | NOTE | |
r-patched-linux-x86_64 | 1.6.4 | 15.36 | 81.40 | 96.76 | OK | |
r-release-linux-x86_64 | 1.6.4 | OK | ||||
r-release-macos-arm64 | 1.6.4 | 44.00 | OK | |||
r-release-macos-x86_64 | 1.6.4 | 58.00 | OK | |||
r-release-windows-x86_64 | 1.6.4 | 35.00 | 110.00 | 145.00 | OK | |
r-oldrel-macos-arm64 | 1.6.4 | 56.00 | OK | |||
r-oldrel-macos-x86_64 | 1.6.4 | 56.00 | OK | |||
r-oldrel-windows-ix86+x86_64 | 1.6.4 | 42.00 | 137.00 | 179.00 | OK |
Version: 1.6.4
Check: Rd files
Result: NOTE
checkRd: (-1) logreg.myown.Rd:19: Escaped LaTeX specials: \_ \_
checkRd: (-1) logreg.myown.Rd:20: Escaped LaTeX specials: \_ \_
checkRd: (-1) logreg.myown.Rd:24: Escaped LaTeX specials: \_ \_
checkRd: (-1) logreg.myown.Rd:99: Escaped LaTeX specials: \_ \_
checkRd: (-1) logreg.myown.Rd:120: Escaped LaTeX specials: \_ \_
checkRd: (-1) logreg.myown.Rd:132: Escaped LaTeX specials: \_ \_
checkRd: (-1) logreg.myown.Rd:133: Escaped LaTeX specials: \_ \_
checkRd: (-1) logreg.myown.Rd:134: Escaped LaTeX specials: \_ \_
checkRd: (-1) logreg.myown.Rd:172: Escaped LaTeX specials: \_ \_
checkRd: (-1) logreg.myown.Rd:182: Escaped LaTeX specials: \_ \_
checkRd: (-1) logreg.myown.Rd:184: Escaped LaTeX specials: \_ \_
Flavors: r-devel-linux-x86_64-debian-clang, r-devel-linux-x86_64-debian-gcc, r-devel-linux-x86_64-fedora-clang, r-devel-linux-x86_64-fedora-gcc, r-devel-windows-x86_64