Last updated on 2023-03-30 05:49:13 CEST.
Flavor | Version | Tinstall | Tcheck | Ttotal | Status | Flags |
---|---|---|---|---|---|---|
r-devel-linux-x86_64-debian-clang | 2.1.2 | 5.51 | 81.27 | 86.78 | OK | |
r-devel-linux-x86_64-debian-gcc | 2.1.2 | 4.04 | 57.59 | 61.63 | OK | |
r-devel-linux-x86_64-fedora-clang | 2.1.2 | 107.15 | OK | |||
r-devel-linux-x86_64-fedora-gcc | 2.1.2 | 117.40 | OK | |||
r-devel-windows-x86_64 | 2.1.2 | 25.00 | 126.00 | 151.00 | OK | |
r-patched-linux-x86_64 | 2.1.2 | 4.44 | 78.48 | 82.92 | OK | |
r-release-linux-x86_64 | 2.1.2 | 4.67 | 78.94 | 83.61 | OK | |
r-release-macos-arm64 | 2.1.2 | 33.00 | NOTE | |||
r-release-macos-x86_64 | 2.1.2 | 57.00 | NOTE | |||
r-release-windows-x86_64 | 2.1.2 | 33.00 | 119.00 | 152.00 | OK | |
r-oldrel-macos-arm64 | 2.1.2 | 37.00 | NOTE | |||
r-oldrel-macos-x86_64 | 2.1.2 | 90.00 | NOTE | |||
r-oldrel-windows-ix86+x86_64 | 2.1.2 | 11.00 | 116.00 | 127.00 | OK |
Version: 2.1.2
Check: dependencies in R code
Result: NOTE
Namespace in Imports field not imported from: ‘RColorBrewer’
All declared Imports should be used.
Flavors: r-release-macos-arm64, r-release-macos-x86_64, r-oldrel-macos-arm64, r-oldrel-macos-x86_64