CRAN Package Check Results for Package LiblineaR

Last updated on 2021-09-21 04:55:16 CEST.

Flavor Version Tinstall Tcheck Ttotal Status Flags
r-devel-linux-x86_64-debian-clang 2.10-12 6.12 41.29 47.41 OK
r-devel-linux-x86_64-debian-gcc 2.10-12 4.75 33.45 38.20 OK
r-devel-linux-x86_64-fedora-clang 2.10-12 65.47 NOTE
r-devel-linux-x86_64-fedora-gcc 2.10-12 60.40 NOTE
r-devel-windows-x86_64 2.10-12 9.00 52.00 61.00 OK
r-devel-windows-x86_64-gcc10-UCRT 2.10-12 ERROR
r-patched-linux-x86_64 2.10-12 5.52 42.72 48.24 OK
r-patched-solaris-x86 2.10-12 108.60 OK
r-release-linux-x86_64 2.10-12 5.44 42.30 47.74 OK
r-release-macos-arm64 2.10-12 OK
r-release-macos-x86_64 2.10-12 OK
r-release-windows-ix86+x86_64 2.10-12 19.00 84.00 103.00 OK
r-oldrel-macos-x86_64 2.10-12 OK
r-oldrel-windows-ix86+x86_64 2.10-12 17.00 70.00 87.00 OK

Check Details

Version: 2.10-12
Check: compiled code
Result: NOTE
    File ‘LiblineaR/libs/LiblineaR.so’:
     Found no calls to: ‘R_registerRoutines’, ‘R_useDynamicSymbols’
    
    It is good practice to register native routines and to disable symbol
    search.
    
    See ‘Writing portable packages’ in the ‘Writing R Extensions’ manual.
Flavors: r-devel-linux-x86_64-fedora-clang, r-devel-linux-x86_64-fedora-gcc

Version: 2.10-12
Check: whether package can be installed
Result: ERROR
    Installation failed.
Flavor: r-devel-windows-x86_64-gcc10-UCRT